{"id":5701,"date":"2019-09-11T16:42:20","date_gmt":"2019-09-11T14:42:20","guid":{"rendered":"https:\/\/www.medoucine.com\/blog\/?page_id=5701"},"modified":"2024-06-13T16:23:23","modified_gmt":"2024-06-13T14:23:23","slug":"guide-quelles-medecines-douces-contre-le-mal-de-dos","status":"publish","type":"page","link":"https:\/\/www.medoucine.com\/blog\/guides\/guide-quelles-medecines-douces-contre-le-mal-de-dos\/","title":{"rendered":"Le guide des m\u00e9decines douces contre le mal de dos"},"content":{"rendered":"<div class=\"wpb-content-wrapper\">[vc_row css=\u00a0\u00bb.vc_custom_1593003839635{margin-top: -15px !important;}\u00a0\u00bb][vc_column width=\u00a0\u00bb2\/3&Prime;][vc_single_image image=\u00a0\u00bb16270&Prime; img_size=\u00a0\u00bblarge\u00a0\u00bb alignment=\u00a0\u00bbcenter\u00a0\u00bb][vc_column_text]Plusieurs pratiques des m\u00e9decines douces permettent d\u2019apaiser les maux de dos et la douleur gr\u00e2ce \u00e0 une action naturelle et qui prendra en compte l\u2019origine de la douleur. <strong>D\u00e9couvrez quelles m\u00e9decines douces peuvent vous aider \u00e0 soulager votre mal de dos<\/strong>.[\/vc_column_text][vc_custom_heading text=\u00a0\u00bbGr\u00e2ce \u00e0 ce guide gratuit, vous d\u00e9couvrirez :\u00a0\u00bb font_container=\u00a0\u00bbtag:h2|text_align:center\u00a0\u00bb use_theme_fonts=\u00a0\u00bbyes\u00a0\u00bb][vc_row_inner][vc_column_inner width=\u00a0\u00bb1\/2&Prime;][vc_column_text]<strong><span style=\"font-size: 18px;\">Les pratiques qui agissent sur le corps<\/span><\/strong><\/p>\n<ul>\n<li>L\u2019ost\u00e9opathie<\/li>\n<li>L\u2019acupuncture<\/li>\n<li>Le massage<\/li>\n<\/ul>\n[\/vc_column_text][\/vc_column_inner][vc_column_inner width=\u00a0\u00bb1\/2&Prime;][vc_column_text]<strong><span style=\"font-size: 18px;\">Les pratique qui agissent sur le mental et la gestion de la douleur :\u00a0<\/span><\/strong><\/p>\n<ul>\n<li>L\u2019hypnose<\/li>\n<li>La m\u00e9ditation<\/li>\n<\/ul>\n[\/vc_column_text][\/vc_column_inner][\/vc_row_inner][vc_column_text]\n<p style=\"text-align: center;\"><strong><span style=\"font-size: 18px;\">Bonus : les r\u00e9flexes pr\u00e9ventifs<\/span><\/strong><\/p>\n<ul>\n<li>D\u00e9couvrez les r\u00e9flexes pr\u00e9ventifs qui permettront d\u2019\u00e9viter les crises de douleurs.<\/li>\n<\/ul>\n[\/vc_column_text][\/vc_column][vc_column width=\u00a0\u00bb1\/3&Prime;][vc_raw_html]JTNDaWZyYW1lJTIwd2lkdGglM0QlMjI1NDAlMjIlMjBoZWlnaHQlM0QlMjI1NTAlMjIlMjBzcmMlM0QlMjJodHRwcyUzQSUyRiUyRjk2ZTQzYTMwLnNpYmZvcm1zLmNvbSUyRnNlcnZlJTJGTVVJRkFEb2c0QmlINnJKODZUR3hVX0k3NWlVYWlwbXBkN3p3NGhXamV1dUlOcnpDUlptYl9KMDNBbmRkUFc3eENLVUhxYTQ1WDNTc2h1SW1nU0c3ZkpUNkhKR2lwR0RwMlZfMHA5Vko3ZlBVcVpGbWwxakxFc1NLUHVmMl82XzhBcHdlY2R1c1pYaTFHRXRUTEs4YXRFYl9rZDdoS3E1cWh4TnhfdWg2N0pNRFp4NUFkVUFhTVRENlplaVF0dmp3cWExR0ZRRmZpenpxdkM0TyUyMiUyMGZyYW1lYm9yZGVyJTNEJTIyMCUyMiUyMHNjcm9sbGluZyUzRCUyMmF1dG8lMjIlMjBhbGxvd2Z1bGxzY3JlZW4lMjBzdHlsZSUzRCUyMmRpc3BsYXklM0ElMjBibG9jayUzQm1hcmdpbi1sZWZ0JTNBJTIwYXV0byUzQm1hcmdpbi1yaWdodCUzQSUyMGF1dG8lM0JtYXgtd2lkdGglM0ElMjAxMDAlMjUlM0IlMjIlM0UlM0MlMkZpZnJhbWUlM0U=[\/vc_raw_html][\/vc_column][\/vc_row]\n<\/div>","protected":false},"excerpt":{"rendered":"<p>[vc_row css=\u00a0\u00bb.vc_custom_1593003839635{margin-top: -15px !important;}\u00a0\u00bb][vc_column width=\u00a0\u00bb2\/3&Prime;][vc_single_image image=\u00a0\u00bb16270&Prime; img_size=\u00a0\u00bblarge\u00a0\u00bb alignment=\u00a0\u00bbcenter\u00a0\u00bb][vc_column_text]Plusieurs pratiques des m\u00e9decines douces permettent d\u2019apaiser les maux de dos et la douleur gr\u00e2ce \u00e0 une action naturelle et qui prendra en compte l\u2019origine de la douleur. D\u00e9couvrez quelles m\u00e9decines douces peuvent vous aider \u00e0 soulager votre mal de dos.[\/vc_column_text][vc_custom_heading text=\u00a0\u00bbGr\u00e2ce \u00e0 ce guide gratuit, vous d\u00e9couvrirez :\u00a0\u00bb font_container=\u00a0\u00bbtag:h2|text_align:center\u00a0\u00bb use_theme_fonts=\u00a0\u00bbyes\u00a0\u00bb][vc_row_inner][vc_column_inner width=\u00a0\u00bb1\/2&Prime;][vc_column_text]Les pratiques qui agissent sur le corps L\u2019ost\u00e9opathie L\u2019acupuncture Le massage [\/vc_column_text][\/vc_column_inner][vc_column_inner width=\u00a0\u00bb1\/2&Prime;][vc_column_text]Les pratique qui agissent sur le mental et la gestion de la douleur :\u00a0 L\u2019hypnose La m\u00e9ditation [\/vc_column_text][\/vc_column_inner][\/vc_row_inner][vc_column_text] Bonus : les r\u00e9flexes pr\u00e9ventifs D\u00e9couvrez les r\u00e9flexes pr\u00e9ventifs qui permettront d\u2019\u00e9viter les crises de douleurs. [\/vc_column_text][\/vc_column][vc_column width=\u00a0\u00bb1\/3&Prime;][vc_raw_html]JTNDaWZyYW1lJTIwd2lkdGglM0QlMjI1NDAlMjIlMjBoZWlnaHQlM0QlMjI1NTAlMjIlMjBzcmMlM0QlMjJodHRwcyUzQSUyRiUyRjk2ZTQzYTMwLnNpYmZvcm1zLmNvbSUyRnNlcnZlJTJGTVVJRkFEb2c0QmlINnJKODZUR3hVX0k3NWlVYWlwbXBkN3p3NGhXamV1dUlOcnpDUlptYl9KMDNBbmRkUFc3eENLVUhxYTQ1WDNTc2h1SW1nU0c3ZkpUNkhKR2lwR0RwMlZfMHA5Vko3ZlBVcVpGbWwxakxFc1NLUHVmMl82XzhBcHdlY2R1c1pYaTFHRXRUTEs4YXRFYl9rZDdoS3E1cWh4TnhfdWg2N0pNRFp4NUFkVUFhTVRENlplaVF0dmp3cWExR0ZRRmZpenpxdkM0TyUyMiUyMGZyYW1lYm9yZGVyJTNEJTIyMCUyMiUyMHNjcm9sbGluZyUzRCUyMmF1dG8lMjIlMjBhbGxvd2Z1bGxzY3JlZW4lMjBzdHlsZSUzRCUyMmRpc3BsYXklM0ElMjBibG9jayUzQm1hcmdpbi1sZWZ0JTNBJTIwYXV0byUzQm1hcmdpbi1yaWdodCUzQSUyMGF1dG8lM0JtYXgtd2lkdGglM0ElMjAxMDAlMjUlM0IlMjIlM0UlM0MlMkZpZnJhbWUlM0U=[\/vc_raw_html][\/vc_column][\/vc_row]<\/p>\n","protected":false},"author":220,"featured_media":0,"parent":5655,"menu_order":0,"comment_status":"closed","ping_status":"closed","template":"","meta":{"_acf_changed":false,"footnotes":""},"class_list":["post-5701","page","type-page","status-publish","hentry"],"acf":[],"yoast_head":"<!-- This site is optimized with the Yoast SEO plugin v27.1.1 - https:\/\/yoast.com\/product\/yoast-seo-wordpress\/ -->\n<title>Le guide des m\u00e9decines douces contre le mal de dos ~ Blog de Medoucine<\/title>\n<meta name=\"robots\" content=\"index, follow, max-snippet:-1, max-image-preview:large, max-video-preview:-1\" \/>\n<link rel=\"canonical\" href=\"https:\/\/www.medoucine.com\/blog\/guides\/guide-quelles-medecines-douces-contre-le-mal-de-dos\/\" \/>\n<meta property=\"og:locale\" content=\"fr_FR\" \/>\n<meta property=\"og:type\" content=\"article\" \/>\n<meta property=\"og:title\" content=\"Le guide des m\u00e9decines douces contre le mal de dos ~ Blog de Medoucine\" \/>\n<meta property=\"og:description\" content=\"[vc_row css=\u00a0\u00bb.vc_custom_1593003839635{margin-top: -15px !important;}\u00a0\u00bb][vc_column width=\u00a0\u00bb2\/3&Prime;][vc_single_image image=\u00a0\u00bb16270&Prime; img_size=\u00a0\u00bblarge\u00a0\u00bb alignment=\u00a0\u00bbcenter\u00a0\u00bb][vc_column_text]Plusieurs pratiques des m\u00e9decines douces permettent d\u2019apaiser les maux de dos et la douleur gr\u00e2ce \u00e0 une action naturelle et qui prendra en compte l\u2019origine de la douleur. D\u00e9couvrez quelles m\u00e9decines douces peuvent vous aider \u00e0 soulager votre mal de dos.[\/vc_column_text][vc_custom_heading text=\u00a0\u00bbGr\u00e2ce \u00e0 ce guide gratuit, vous d\u00e9couvrirez :\u00a0\u00bb font_container=\u00a0\u00bbtag:h2|text_align:center\u00a0\u00bb use_theme_fonts=\u00a0\u00bbyes\u00a0\u00bb][vc_row_inner][vc_column_inner width=\u00a0\u00bb1\/2&Prime;][vc_column_text]Les pratiques qui agissent sur le corps L\u2019ost\u00e9opathie L\u2019acupuncture Le massage [\/vc_column_text][\/vc_column_inner][vc_column_inner width=\u00a0\u00bb1\/2&Prime;][vc_column_text]Les pratique qui agissent sur le mental et la gestion de la douleur :\u00a0 L\u2019hypnose La m\u00e9ditation [\/vc_column_text][\/vc_column_inner][\/vc_row_inner][vc_column_text] Bonus : les r\u00e9flexes pr\u00e9ventifs D\u00e9couvrez les r\u00e9flexes pr\u00e9ventifs qui permettront d\u2019\u00e9viter les crises de douleurs. [\/vc_column_text][\/vc_column][vc_column width=\u00a0\u00bb1\/3&Prime;][vc_raw_html]JTNDaWZyYW1lJTIwd2lkdGglM0QlMjI1NDAlMjIlMjBoZWlnaHQlM0QlMjI1NTAlMjIlMjBzcmMlM0QlMjJodHRwcyUzQSUyRiUyRjk2ZTQzYTMwLnNpYmZvcm1zLmNvbSUyRnNlcnZlJTJGTVVJRkFEb2c0QmlINnJKODZUR3hVX0k3NWlVYWlwbXBkN3p3NGhXamV1dUlOcnpDUlptYl9KMDNBbmRkUFc3eENLVUhxYTQ1WDNTc2h1SW1nU0c3ZkpUNkhKR2lwR0RwMlZfMHA5Vko3ZlBVcVpGbWwxakxFc1NLUHVmMl82XzhBcHdlY2R1c1pYaTFHRXRUTEs4YXRFYl9rZDdoS3E1cWh4TnhfdWg2N0pNRFp4NUFkVUFhTVRENlplaVF0dmp3cWExR0ZRRmZpenpxdkM0TyUyMiUyMGZyYW1lYm9yZGVyJTNEJTIyMCUyMiUyMHNjcm9sbGluZyUzRCUyMmF1dG8lMjIlMjBhbGxvd2Z1bGxzY3JlZW4lMjBzdHlsZSUzRCUyMmRpc3BsYXklM0ElMjBibG9jayUzQm1hcmdpbi1sZWZ0JTNBJTIwYXV0byUzQm1hcmdpbi1yaWdodCUzQSUyMGF1dG8lM0JtYXgtd2lkdGglM0ElMjAxMDAlMjUlM0IlMjIlM0UlM0MlMkZpZnJhbWUlM0U=[\/vc_raw_html][\/vc_column][\/vc_row]\" \/>\n<meta property=\"og:url\" content=\"https:\/\/www.medoucine.com\/blog\/guides\/guide-quelles-medecines-douces-contre-le-mal-de-dos\/\" \/>\n<meta property=\"og:site_name\" content=\"Blog de Medoucine\" \/>\n<meta property=\"article:publisher\" content=\"https:\/\/www.facebook.com\/medoucine\/\" \/>\n<meta property=\"article:modified_time\" content=\"2024-06-13T14:23:23+00:00\" \/>\n<meta name=\"twitter:card\" content=\"summary_large_image\" \/>\n<meta name=\"twitter:site\" content=\"@medoucinefr\" \/>\n<meta name=\"twitter:label1\" content=\"Dur\u00e9e de lecture estim\u00e9e\" \/>\n\t<meta name=\"twitter:data1\" content=\"1 minute\" \/>\n<script type=\"application\/ld+json\" class=\"yoast-schema-graph\">{\"@context\":\"https:\/\/schema.org\",\"@graph\":[{\"@type\":\"WebPage\",\"@id\":\"https:\/\/www.medoucine.com\/blog\/guides\/guide-quelles-medecines-douces-contre-le-mal-de-dos\/\",\"url\":\"https:\/\/www.medoucine.com\/blog\/guides\/guide-quelles-medecines-douces-contre-le-mal-de-dos\/\",\"name\":\"Le guide des m\u00e9decines douces contre le mal de dos ~ Blog de Medoucine\",\"isPartOf\":{\"@id\":\"https:\/\/www.medoucine.com\/blog\/#website\"},\"datePublished\":\"2019-09-11T14:42:20+00:00\",\"dateModified\":\"2024-06-13T14:23:23+00:00\",\"breadcrumb\":{\"@id\":\"https:\/\/www.medoucine.com\/blog\/guides\/guide-quelles-medecines-douces-contre-le-mal-de-dos\/#breadcrumb\"},\"inLanguage\":\"fr-FR\",\"potentialAction\":[{\"@type\":\"ReadAction\",\"target\":[\"https:\/\/www.medoucine.com\/blog\/guides\/guide-quelles-medecines-douces-contre-le-mal-de-dos\/\"]}]},{\"@type\":\"BreadcrumbList\",\"@id\":\"https:\/\/www.medoucine.com\/blog\/guides\/guide-quelles-medecines-douces-contre-le-mal-de-dos\/#breadcrumb\",\"itemListElement\":[{\"@type\":\"ListItem\",\"position\":1,\"name\":\"Blog Medoucine\",\"item\":\"https:\/\/www.medoucine.com\/blog\/\"},{\"@type\":\"ListItem\",\"position\":2,\"name\":\"Guides gratuits \u00e0 t\u00e9l\u00e9charger\",\"item\":\"https:\/\/www.medoucine.com\/blog\/guides\/\"},{\"@type\":\"ListItem\",\"position\":3,\"name\":\"Le guide des m\u00e9decines douces contre le mal de dos\"}]},{\"@type\":\"WebSite\",\"@id\":\"https:\/\/www.medoucine.com\/blog\/#website\",\"url\":\"https:\/\/www.medoucine.com\/blog\/\",\"name\":\"Blog de Medoucine\",\"description\":\"Le blog des m\u00e9decines douces\",\"publisher\":{\"@id\":\"https:\/\/www.medoucine.com\/blog\/#organization\"},\"potentialAction\":[{\"@type\":\"SearchAction\",\"target\":{\"@type\":\"EntryPoint\",\"urlTemplate\":\"https:\/\/www.medoucine.com\/blog\/?s={search_term_string}\"},\"query-input\":{\"@type\":\"PropertyValueSpecification\",\"valueRequired\":true,\"valueName\":\"search_term_string\"}}],\"inLanguage\":\"fr-FR\"},{\"@type\":\"Organization\",\"@id\":\"https:\/\/www.medoucine.com\/blog\/#organization\",\"name\":\"Medoucine\",\"url\":\"https:\/\/www.medoucine.com\/blog\/\",\"logo\":{\"@type\":\"ImageObject\",\"inLanguage\":\"fr-FR\",\"@id\":\"https:\/\/www.medoucine.com\/blog\/#\/schema\/logo\/image\/\",\"url\":\"https:\/\/www.medoucine.com\/blog\/wp-content\/uploads\/2019\/07\/logo@3x.png\",\"contentUrl\":\"https:\/\/www.medoucine.com\/blog\/wp-content\/uploads\/2019\/07\/logo@3x.png\",\"width\":555,\"height\":135,\"caption\":\"Medoucine\"},\"image\":{\"@id\":\"https:\/\/www.medoucine.com\/blog\/#\/schema\/logo\/image\/\"},\"sameAs\":[\"https:\/\/www.facebook.com\/medoucine\/\",\"https:\/\/x.com\/medoucinefr\",\"https:\/\/www.instagram.com\/medoucine\/\",\"https:\/\/www.youtube.com\/channel\/UCtZeUeJ_KebYK0KJAXjJV8g\"]}]}<\/script>\n<!-- \/ Yoast SEO plugin. -->","yoast_head_json":{"title":"Le guide des m\u00e9decines douces contre le mal de dos ~ Blog de Medoucine","robots":{"index":"index","follow":"follow","max-snippet":"max-snippet:-1","max-image-preview":"max-image-preview:large","max-video-preview":"max-video-preview:-1"},"canonical":"https:\/\/www.medoucine.com\/blog\/guides\/guide-quelles-medecines-douces-contre-le-mal-de-dos\/","og_locale":"fr_FR","og_type":"article","og_title":"Le guide des m\u00e9decines douces contre le mal de dos ~ Blog de Medoucine","og_description":"[vc_row css=\u00a0\u00bb.vc_custom_1593003839635{margin-top: -15px !important;}\u00a0\u00bb][vc_column width=\u00a0\u00bb2\/3&Prime;][vc_single_image image=\u00a0\u00bb16270&Prime; img_size=\u00a0\u00bblarge\u00a0\u00bb alignment=\u00a0\u00bbcenter\u00a0\u00bb][vc_column_text]Plusieurs pratiques des m\u00e9decines douces permettent d\u2019apaiser les maux de dos et la douleur gr\u00e2ce \u00e0 une action naturelle et qui prendra en compte l\u2019origine de la douleur. D\u00e9couvrez quelles m\u00e9decines douces peuvent vous aider \u00e0 soulager votre mal de dos.[\/vc_column_text][vc_custom_heading text=\u00a0\u00bbGr\u00e2ce \u00e0 ce guide gratuit, vous d\u00e9couvrirez :\u00a0\u00bb font_container=\u00a0\u00bbtag:h2|text_align:center\u00a0\u00bb use_theme_fonts=\u00a0\u00bbyes\u00a0\u00bb][vc_row_inner][vc_column_inner width=\u00a0\u00bb1\/2&Prime;][vc_column_text]Les pratiques qui agissent sur le corps L\u2019ost\u00e9opathie L\u2019acupuncture Le massage [\/vc_column_text][\/vc_column_inner][vc_column_inner width=\u00a0\u00bb1\/2&Prime;][vc_column_text]Les pratique qui agissent sur le mental et la gestion de la douleur :\u00a0 L\u2019hypnose La m\u00e9ditation [\/vc_column_text][\/vc_column_inner][\/vc_row_inner][vc_column_text] Bonus : les r\u00e9flexes pr\u00e9ventifs D\u00e9couvrez les r\u00e9flexes pr\u00e9ventifs qui permettront d\u2019\u00e9viter les crises de douleurs. [\/vc_column_text][\/vc_column][vc_column width=\u00a0\u00bb1\/3&Prime;][vc_raw_html]JTNDaWZyYW1lJTIwd2lkdGglM0QlMjI1NDAlMjIlMjBoZWlnaHQlM0QlMjI1NTAlMjIlMjBzcmMlM0QlMjJodHRwcyUzQSUyRiUyRjk2ZTQzYTMwLnNpYmZvcm1zLmNvbSUyRnNlcnZlJTJGTVVJRkFEb2c0QmlINnJKODZUR3hVX0k3NWlVYWlwbXBkN3p3NGhXamV1dUlOcnpDUlptYl9KMDNBbmRkUFc3eENLVUhxYTQ1WDNTc2h1SW1nU0c3ZkpUNkhKR2lwR0RwMlZfMHA5Vko3ZlBVcVpGbWwxakxFc1NLUHVmMl82XzhBcHdlY2R1c1pYaTFHRXRUTEs4YXRFYl9rZDdoS3E1cWh4TnhfdWg2N0pNRFp4NUFkVUFhTVRENlplaVF0dmp3cWExR0ZRRmZpenpxdkM0TyUyMiUyMGZyYW1lYm9yZGVyJTNEJTIyMCUyMiUyMHNjcm9sbGluZyUzRCUyMmF1dG8lMjIlMjBhbGxvd2Z1bGxzY3JlZW4lMjBzdHlsZSUzRCUyMmRpc3BsYXklM0ElMjBibG9jayUzQm1hcmdpbi1sZWZ0JTNBJTIwYXV0byUzQm1hcmdpbi1yaWdodCUzQSUyMGF1dG8lM0JtYXgtd2lkdGglM0ElMjAxMDAlMjUlM0IlMjIlM0UlM0MlMkZpZnJhbWUlM0U=[\/vc_raw_html][\/vc_column][\/vc_row]","og_url":"https:\/\/www.medoucine.com\/blog\/guides\/guide-quelles-medecines-douces-contre-le-mal-de-dos\/","og_site_name":"Blog de Medoucine","article_publisher":"https:\/\/www.facebook.com\/medoucine\/","article_modified_time":"2024-06-13T14:23:23+00:00","twitter_card":"summary_large_image","twitter_site":"@medoucinefr","twitter_misc":{"Dur\u00e9e de lecture estim\u00e9e":"1 minute"},"schema":{"@context":"https:\/\/schema.org","@graph":[{"@type":"WebPage","@id":"https:\/\/www.medoucine.com\/blog\/guides\/guide-quelles-medecines-douces-contre-le-mal-de-dos\/","url":"https:\/\/www.medoucine.com\/blog\/guides\/guide-quelles-medecines-douces-contre-le-mal-de-dos\/","name":"Le guide des m\u00e9decines douces contre le mal de dos ~ Blog de Medoucine","isPartOf":{"@id":"https:\/\/www.medoucine.com\/blog\/#website"},"datePublished":"2019-09-11T14:42:20+00:00","dateModified":"2024-06-13T14:23:23+00:00","breadcrumb":{"@id":"https:\/\/www.medoucine.com\/blog\/guides\/guide-quelles-medecines-douces-contre-le-mal-de-dos\/#breadcrumb"},"inLanguage":"fr-FR","potentialAction":[{"@type":"ReadAction","target":["https:\/\/www.medoucine.com\/blog\/guides\/guide-quelles-medecines-douces-contre-le-mal-de-dos\/"]}]},{"@type":"BreadcrumbList","@id":"https:\/\/www.medoucine.com\/blog\/guides\/guide-quelles-medecines-douces-contre-le-mal-de-dos\/#breadcrumb","itemListElement":[{"@type":"ListItem","position":1,"name":"Blog Medoucine","item":"https:\/\/www.medoucine.com\/blog\/"},{"@type":"ListItem","position":2,"name":"Guides gratuits \u00e0 t\u00e9l\u00e9charger","item":"https:\/\/www.medoucine.com\/blog\/guides\/"},{"@type":"ListItem","position":3,"name":"Le guide des m\u00e9decines douces contre le mal de dos"}]},{"@type":"WebSite","@id":"https:\/\/www.medoucine.com\/blog\/#website","url":"https:\/\/www.medoucine.com\/blog\/","name":"Blog de Medoucine","description":"Le blog des m\u00e9decines douces","publisher":{"@id":"https:\/\/www.medoucine.com\/blog\/#organization"},"potentialAction":[{"@type":"SearchAction","target":{"@type":"EntryPoint","urlTemplate":"https:\/\/www.medoucine.com\/blog\/?s={search_term_string}"},"query-input":{"@type":"PropertyValueSpecification","valueRequired":true,"valueName":"search_term_string"}}],"inLanguage":"fr-FR"},{"@type":"Organization","@id":"https:\/\/www.medoucine.com\/blog\/#organization","name":"Medoucine","url":"https:\/\/www.medoucine.com\/blog\/","logo":{"@type":"ImageObject","inLanguage":"fr-FR","@id":"https:\/\/www.medoucine.com\/blog\/#\/schema\/logo\/image\/","url":"https:\/\/www.medoucine.com\/blog\/wp-content\/uploads\/2019\/07\/logo@3x.png","contentUrl":"https:\/\/www.medoucine.com\/blog\/wp-content\/uploads\/2019\/07\/logo@3x.png","width":555,"height":135,"caption":"Medoucine"},"image":{"@id":"https:\/\/www.medoucine.com\/blog\/#\/schema\/logo\/image\/"},"sameAs":["https:\/\/www.facebook.com\/medoucine\/","https:\/\/x.com\/medoucinefr","https:\/\/www.instagram.com\/medoucine\/","https:\/\/www.youtube.com\/channel\/UCtZeUeJ_KebYK0KJAXjJV8g"]}]}},"_links":{"self":[{"href":"https:\/\/www.medoucine.com\/blog\/wp-json\/wp\/v2\/pages\/5701","targetHints":{"allow":["GET"]}}],"collection":[{"href":"https:\/\/www.medoucine.com\/blog\/wp-json\/wp\/v2\/pages"}],"about":[{"href":"https:\/\/www.medoucine.com\/blog\/wp-json\/wp\/v2\/types\/page"}],"author":[{"embeddable":true,"href":"https:\/\/www.medoucine.com\/blog\/wp-json\/wp\/v2\/users\/220"}],"replies":[{"embeddable":true,"href":"https:\/\/www.medoucine.com\/blog\/wp-json\/wp\/v2\/comments?post=5701"}],"version-history":[{"count":10,"href":"https:\/\/www.medoucine.com\/blog\/wp-json\/wp\/v2\/pages\/5701\/revisions"}],"predecessor-version":[{"id":31869,"href":"https:\/\/www.medoucine.com\/blog\/wp-json\/wp\/v2\/pages\/5701\/revisions\/31869"}],"up":[{"embeddable":true,"href":"https:\/\/www.medoucine.com\/blog\/wp-json\/wp\/v2\/pages\/5655"}],"wp:attachment":[{"href":"https:\/\/www.medoucine.com\/blog\/wp-json\/wp\/v2\/media?parent=5701"}],"curies":[{"name":"wp","href":"https:\/\/api.w.org\/{rel}","templated":true}]}}