{"id":31877,"date":"2024-06-13T16:12:11","date_gmt":"2024-06-13T14:12:11","guid":{"rendered":"https:\/\/www.medoucine.com\/blog\/?page_id=31877"},"modified":"2024-06-13T16:15:59","modified_gmt":"2024-06-13T14:15:59","slug":"3-techniques-simples-pour-destresser-en-5-minutes","status":"publish","type":"page","link":"https:\/\/www.medoucine.com\/blog\/guides\/3-techniques-simples-pour-destresser-en-5-minutes\/","title":{"rendered":"3 techniques simples pour d\u00e9stresser en 5 minutes"},"content":{"rendered":"<div class=\"wpb-content-wrapper\">[vc_section css=\u00a0\u00bb.vc_custom_1593015214356{margin-top: -20px !important;}\u00a0\u00bb][vc_row][vc_column width=\u00a0\u00bb2\/3&Prime;][vc_single_image image=\u00a0\u00bb31878&Prime; img_size=\u00a0\u00bb636&#215;256&Prime; alignment=\u00a0\u00bbcenter\u00a0\u00bb css=\u00a0\u00bb.vc_custom_1718285733039{margin-bottom: 15px !important;}\u00a0\u00bb][vc_column_text]\n<h2 style=\"text-align: center;\">D\u00e9couvrez comment d\u00e9stresser en seulement 5 minutes avec notre guide exclusif !<\/h2>\n[\/vc_column_text][vc_column_text]Le stress touche tout le monde, mais peu de personnes, comme vous, prennent l&rsquo;initiative de chercher des solutions pour vivre plus sereinement.<\/p>\n<p>Chez M\u00e9doucine, nous croyons aux m\u00e9thodes naturelles pour r\u00e9duire le stress. Nous avons s\u00e9lectionn\u00e9 pour vous 3 techniques simples et efficaces que vous pouvez pratiquer n&rsquo;importe o\u00f9 : \u00e0 la maison, au bureau, ou m\u00eame dans les transports (peut-\u00eatre pas la respiration altern\u00e9e, mais c\u2019est \u00e0 vous de d\u00e9cider).<\/p>\n<p>T\u00e9l\u00e9chargez maintenant et d\u00e9couvrez comment ces exercices peuvent transformer votre quotidien en seulement quelques minutes. Nous vous retrouverons \u00e0 la fin du guide pour vous en dire plus sur nous.<\/p>\n<p>Bonne d\u00e9couverte et bon d\u00e9stressage ![\/vc_column_text][\/vc_column][vc_column width=\u00a0\u00bb1\/3&Prime;][vc_raw_html]JTNDaWZyYW1lJTIwd2lkdGglM0QlMjI1NDAlMjIlMjBoZWlnaHQlM0QlMjI1OTAlMjIlMjBzcmMlM0QlMjJodHRwcyUzQSUyRiUyRjk2ZTQzYTMwLnNpYmZvcm1zLmNvbSUyRnNlcnZlJTJGTVVJRkFBY2wydGlrNnl2eUFZMno5ZmdlQkljQjViT2dhZm11UW03UUIwM3JueUNEQmVMMW1HUUpOenl0WnlWTWYyeDhJb0xaMHZxSUtYcDRyQ19Sc3NuZGhZdmJFTEQ2UlpiYlBPYWJXekd4T0lZclZpSmQyV3FWZ1RoWWExMDJRcUlkeDVDeWlYcFo0SkhXQ1JhZVduRFpNdVlORVlDRC1Na1d3S0hEa3J3Wkw3QzlrOW9sUlpjalNzT0Via2d4dzdkT3RjcFJicllINFRsXyUyMiUyMGZyYW1lYm9yZGVyJTNEJTIyMCUyMiUyMHNjcm9sbGluZyUzRCUyMmF1dG8lMjIlMjBhbGxvd2Z1bGxzY3JlZW4lMjBzdHlsZSUzRCUyMmRpc3BsYXklM0ElMjBibG9jayUzQm1hcmdpbi1sZWZ0JTNBJTIwYXV0byUzQm1hcmdpbi1yaWdodCUzQSUyMGF1dG8lM0JtYXgtd2lkdGglM0ElMjAxMDAlMjUlM0IlMjIlM0UlM0MlMkZpZnJhbWUlM0U=[\/vc_raw_html][\/vc_column][\/vc_row][\/vc_section]\n<\/div>","protected":false},"excerpt":{"rendered":"<p>[vc_section css=\u00a0\u00bb.vc_custom_1593015214356{margin-top: -20px !important;}\u00a0\u00bb][vc_row][vc_column width=\u00a0\u00bb2\/3&Prime;][vc_single_image image=\u00a0\u00bb31878&Prime; img_size=\u00a0\u00bb636&#215;256&Prime; alignment=\u00a0\u00bbcenter\u00a0\u00bb css=\u00a0\u00bb.vc_custom_1718285733039{margin-bottom: 15px !important;}\u00a0\u00bb][vc_column_text] D\u00e9couvrez comment d\u00e9stresser en seulement 5 minutes avec notre guide exclusif ! [\/vc_column_text][vc_column_text]Le stress touche tout le monde, mais peu de personnes, comme vous, prennent l&rsquo;initiative de chercher des solutions pour vivre plus sereinement. Chez M\u00e9doucine, nous croyons aux m\u00e9thodes naturelles pour r\u00e9duire le stress. Nous avons s\u00e9lectionn\u00e9 pour vous 3 techniques simples et efficaces que vous pouvez pratiquer n&rsquo;importe o\u00f9 : \u00e0 la maison, au bureau, ou m\u00eame dans les transports (peut-\u00eatre pas la respiration altern\u00e9e, mais c\u2019est \u00e0 vous de d\u00e9cider). T\u00e9l\u00e9chargez maintenant et d\u00e9couvrez comment ces exercices peuvent transformer votre quotidien en seulement quelques minutes. Nous vous retrouverons \u00e0 la fin du guide pour vous en dire plus sur nous. Bonne d\u00e9couverte et bon d\u00e9stressage ![\/vc_column_text][\/vc_column][vc_column width=\u00a0\u00bb1\/3&Prime;][vc_raw_html]JTNDaWZyYW1lJTIwd2lkdGglM0QlMjI1NDAlMjIlMjBoZWlnaHQlM0QlMjI1OTAlMjIlMjBzcmMlM0QlMjJodHRwcyUzQSUyRiUyRjk2ZTQzYTMwLnNpYmZvcm1zLmNvbSUyRnNlcnZlJTJGTVVJRkFBY2wydGlrNnl2eUFZMno5ZmdlQkljQjViT2dhZm11UW03UUIwM3JueUNEQmVMMW1HUUpOenl0WnlWTWYyeDhJb0xaMHZxSUtYcDRyQ19Sc3NuZGhZdmJFTEQ2UlpiYlBPYWJXekd4T0lZclZpSmQyV3FWZ1RoWWExMDJRcUlkeDVDeWlYcFo0SkhXQ1JhZVduRFpNdVlORVlDRC1Na1d3S0hEa3J3Wkw3QzlrOW9sUlpjalNzT0Via2d4dzdkT3RjcFJicllINFRsXyUyMiUyMGZyYW1lYm9yZGVyJTNEJTIyMCUyMiUyMHNjcm9sbGluZyUzRCUyMmF1dG8lMjIlMjBhbGxvd2Z1bGxzY3JlZW4lMjBzdHlsZSUzRCUyMmRpc3BsYXklM0ElMjBibG9jayUzQm1hcmdpbi1sZWZ0JTNBJTIwYXV0byUzQm1hcmdpbi1yaWdodCUzQSUyMGF1dG8lM0JtYXgtd2lkdGglM0ElMjAxMDAlMjUlM0IlMjIlM0UlM0MlMkZpZnJhbWUlM0U=[\/vc_raw_html][\/vc_column][\/vc_row][\/vc_section]<\/p>\n","protected":false},"author":781,"featured_media":0,"parent":5655,"menu_order":0,"comment_status":"closed","ping_status":"closed","template":"","meta":{"_acf_changed":false,"footnotes":""},"class_list":["post-31877","page","type-page","status-publish","hentry"],"acf":[],"yoast_head":"<!-- This site is optimized with the Yoast SEO plugin v27.1.1 - https:\/\/yoast.com\/product\/yoast-seo-wordpress\/ -->\n<title>3 techniques simples pour d\u00e9stresser en 5 minutes ~ Blog de Medoucine<\/title>\n<meta name=\"description\" content=\"Comment fonctionne l\u2019hypnose pour arr\u00eater de fumer? Comment se d\u00e9roule une s\u00e9ance ? Comment trouver un praticien de confiance\" \/>\n<meta name=\"robots\" content=\"index, follow, max-snippet:-1, max-image-preview:large, max-video-preview:-1\" \/>\n<link rel=\"canonical\" href=\"https:\/\/www.medoucine.com\/blog\/guides\/3-techniques-simples-pour-destresser-en-5-minutes\/\" \/>\n<meta property=\"og:locale\" content=\"fr_FR\" \/>\n<meta property=\"og:type\" content=\"article\" \/>\n<meta property=\"og:title\" content=\"3 techniques simples pour d\u00e9stresser en 5 minutes ~ Blog de Medoucine\" \/>\n<meta property=\"og:description\" content=\"Comment fonctionne l\u2019hypnose pour arr\u00eater de fumer? Comment se d\u00e9roule une s\u00e9ance ? Comment trouver un praticien de confiance\" \/>\n<meta property=\"og:url\" content=\"https:\/\/www.medoucine.com\/blog\/guides\/3-techniques-simples-pour-destresser-en-5-minutes\/\" \/>\n<meta property=\"og:site_name\" content=\"Blog de Medoucine\" \/>\n<meta property=\"article:publisher\" content=\"https:\/\/www.facebook.com\/medoucine\/\" \/>\n<meta property=\"article:modified_time\" content=\"2024-06-13T14:15:59+00:00\" \/>\n<meta name=\"twitter:card\" content=\"summary_large_image\" \/>\n<meta name=\"twitter:site\" content=\"@medoucinefr\" \/>\n<meta name=\"twitter:label1\" content=\"Dur\u00e9e de lecture estim\u00e9e\" \/>\n\t<meta name=\"twitter:data1\" content=\"1 minute\" \/>\n<script type=\"application\/ld+json\" class=\"yoast-schema-graph\">{\"@context\":\"https:\/\/schema.org\",\"@graph\":[{\"@type\":\"WebPage\",\"@id\":\"https:\/\/www.medoucine.com\/blog\/guides\/3-techniques-simples-pour-destresser-en-5-minutes\/\",\"url\":\"https:\/\/www.medoucine.com\/blog\/guides\/3-techniques-simples-pour-destresser-en-5-minutes\/\",\"name\":\"3 techniques simples pour d\u00e9stresser en 5 minutes ~ Blog de Medoucine\",\"isPartOf\":{\"@id\":\"https:\/\/www.medoucine.com\/blog\/#website\"},\"datePublished\":\"2024-06-13T14:12:11+00:00\",\"dateModified\":\"2024-06-13T14:15:59+00:00\",\"description\":\"Comment fonctionne l\u2019hypnose pour arr\u00eater de fumer? Comment se d\u00e9roule une s\u00e9ance ? Comment trouver un praticien de confiance\",\"breadcrumb\":{\"@id\":\"https:\/\/www.medoucine.com\/blog\/guides\/3-techniques-simples-pour-destresser-en-5-minutes\/#breadcrumb\"},\"inLanguage\":\"fr-FR\",\"potentialAction\":[{\"@type\":\"ReadAction\",\"target\":[\"https:\/\/www.medoucine.com\/blog\/guides\/3-techniques-simples-pour-destresser-en-5-minutes\/\"]}]},{\"@type\":\"BreadcrumbList\",\"@id\":\"https:\/\/www.medoucine.com\/blog\/guides\/3-techniques-simples-pour-destresser-en-5-minutes\/#breadcrumb\",\"itemListElement\":[{\"@type\":\"ListItem\",\"position\":1,\"name\":\"Blog Medoucine\",\"item\":\"https:\/\/www.medoucine.com\/blog\/\"},{\"@type\":\"ListItem\",\"position\":2,\"name\":\"Guides gratuits \u00e0 t\u00e9l\u00e9charger\",\"item\":\"https:\/\/www.medoucine.com\/blog\/guides\/\"},{\"@type\":\"ListItem\",\"position\":3,\"name\":\"3 techniques simples pour d\u00e9stresser en 5 minutes\"}]},{\"@type\":\"WebSite\",\"@id\":\"https:\/\/www.medoucine.com\/blog\/#website\",\"url\":\"https:\/\/www.medoucine.com\/blog\/\",\"name\":\"Blog de Medoucine\",\"description\":\"Le blog des m\u00e9decines douces\",\"publisher\":{\"@id\":\"https:\/\/www.medoucine.com\/blog\/#organization\"},\"potentialAction\":[{\"@type\":\"SearchAction\",\"target\":{\"@type\":\"EntryPoint\",\"urlTemplate\":\"https:\/\/www.medoucine.com\/blog\/?s={search_term_string}\"},\"query-input\":{\"@type\":\"PropertyValueSpecification\",\"valueRequired\":true,\"valueName\":\"search_term_string\"}}],\"inLanguage\":\"fr-FR\"},{\"@type\":\"Organization\",\"@id\":\"https:\/\/www.medoucine.com\/blog\/#organization\",\"name\":\"Medoucine\",\"url\":\"https:\/\/www.medoucine.com\/blog\/\",\"logo\":{\"@type\":\"ImageObject\",\"inLanguage\":\"fr-FR\",\"@id\":\"https:\/\/www.medoucine.com\/blog\/#\/schema\/logo\/image\/\",\"url\":\"https:\/\/www.medoucine.com\/blog\/wp-content\/uploads\/2019\/07\/logo@3x.png\",\"contentUrl\":\"https:\/\/www.medoucine.com\/blog\/wp-content\/uploads\/2019\/07\/logo@3x.png\",\"width\":555,\"height\":135,\"caption\":\"Medoucine\"},\"image\":{\"@id\":\"https:\/\/www.medoucine.com\/blog\/#\/schema\/logo\/image\/\"},\"sameAs\":[\"https:\/\/www.facebook.com\/medoucine\/\",\"https:\/\/x.com\/medoucinefr\",\"https:\/\/www.instagram.com\/medoucine\/\",\"https:\/\/www.youtube.com\/channel\/UCtZeUeJ_KebYK0KJAXjJV8g\"]}]}<\/script>\n<!-- \/ Yoast SEO plugin. -->","yoast_head_json":{"title":"3 techniques simples pour d\u00e9stresser en 5 minutes ~ Blog de Medoucine","description":"Comment fonctionne l\u2019hypnose pour arr\u00eater de fumer? Comment se d\u00e9roule une s\u00e9ance ? Comment trouver un praticien de confiance","robots":{"index":"index","follow":"follow","max-snippet":"max-snippet:-1","max-image-preview":"max-image-preview:large","max-video-preview":"max-video-preview:-1"},"canonical":"https:\/\/www.medoucine.com\/blog\/guides\/3-techniques-simples-pour-destresser-en-5-minutes\/","og_locale":"fr_FR","og_type":"article","og_title":"3 techniques simples pour d\u00e9stresser en 5 minutes ~ Blog de Medoucine","og_description":"Comment fonctionne l\u2019hypnose pour arr\u00eater de fumer? Comment se d\u00e9roule une s\u00e9ance ? Comment trouver un praticien de confiance","og_url":"https:\/\/www.medoucine.com\/blog\/guides\/3-techniques-simples-pour-destresser-en-5-minutes\/","og_site_name":"Blog de Medoucine","article_publisher":"https:\/\/www.facebook.com\/medoucine\/","article_modified_time":"2024-06-13T14:15:59+00:00","twitter_card":"summary_large_image","twitter_site":"@medoucinefr","twitter_misc":{"Dur\u00e9e de lecture estim\u00e9e":"1 minute"},"schema":{"@context":"https:\/\/schema.org","@graph":[{"@type":"WebPage","@id":"https:\/\/www.medoucine.com\/blog\/guides\/3-techniques-simples-pour-destresser-en-5-minutes\/","url":"https:\/\/www.medoucine.com\/blog\/guides\/3-techniques-simples-pour-destresser-en-5-minutes\/","name":"3 techniques simples pour d\u00e9stresser en 5 minutes ~ Blog de Medoucine","isPartOf":{"@id":"https:\/\/www.medoucine.com\/blog\/#website"},"datePublished":"2024-06-13T14:12:11+00:00","dateModified":"2024-06-13T14:15:59+00:00","description":"Comment fonctionne l\u2019hypnose pour arr\u00eater de fumer? Comment se d\u00e9roule une s\u00e9ance ? Comment trouver un praticien de confiance","breadcrumb":{"@id":"https:\/\/www.medoucine.com\/blog\/guides\/3-techniques-simples-pour-destresser-en-5-minutes\/#breadcrumb"},"inLanguage":"fr-FR","potentialAction":[{"@type":"ReadAction","target":["https:\/\/www.medoucine.com\/blog\/guides\/3-techniques-simples-pour-destresser-en-5-minutes\/"]}]},{"@type":"BreadcrumbList","@id":"https:\/\/www.medoucine.com\/blog\/guides\/3-techniques-simples-pour-destresser-en-5-minutes\/#breadcrumb","itemListElement":[{"@type":"ListItem","position":1,"name":"Blog Medoucine","item":"https:\/\/www.medoucine.com\/blog\/"},{"@type":"ListItem","position":2,"name":"Guides gratuits \u00e0 t\u00e9l\u00e9charger","item":"https:\/\/www.medoucine.com\/blog\/guides\/"},{"@type":"ListItem","position":3,"name":"3 techniques simples pour d\u00e9stresser en 5 minutes"}]},{"@type":"WebSite","@id":"https:\/\/www.medoucine.com\/blog\/#website","url":"https:\/\/www.medoucine.com\/blog\/","name":"Blog de Medoucine","description":"Le blog des m\u00e9decines douces","publisher":{"@id":"https:\/\/www.medoucine.com\/blog\/#organization"},"potentialAction":[{"@type":"SearchAction","target":{"@type":"EntryPoint","urlTemplate":"https:\/\/www.medoucine.com\/blog\/?s={search_term_string}"},"query-input":{"@type":"PropertyValueSpecification","valueRequired":true,"valueName":"search_term_string"}}],"inLanguage":"fr-FR"},{"@type":"Organization","@id":"https:\/\/www.medoucine.com\/blog\/#organization","name":"Medoucine","url":"https:\/\/www.medoucine.com\/blog\/","logo":{"@type":"ImageObject","inLanguage":"fr-FR","@id":"https:\/\/www.medoucine.com\/blog\/#\/schema\/logo\/image\/","url":"https:\/\/www.medoucine.com\/blog\/wp-content\/uploads\/2019\/07\/logo@3x.png","contentUrl":"https:\/\/www.medoucine.com\/blog\/wp-content\/uploads\/2019\/07\/logo@3x.png","width":555,"height":135,"caption":"Medoucine"},"image":{"@id":"https:\/\/www.medoucine.com\/blog\/#\/schema\/logo\/image\/"},"sameAs":["https:\/\/www.facebook.com\/medoucine\/","https:\/\/x.com\/medoucinefr","https:\/\/www.instagram.com\/medoucine\/","https:\/\/www.youtube.com\/channel\/UCtZeUeJ_KebYK0KJAXjJV8g"]}]}},"_links":{"self":[{"href":"https:\/\/www.medoucine.com\/blog\/wp-json\/wp\/v2\/pages\/31877","targetHints":{"allow":["GET"]}}],"collection":[{"href":"https:\/\/www.medoucine.com\/blog\/wp-json\/wp\/v2\/pages"}],"about":[{"href":"https:\/\/www.medoucine.com\/blog\/wp-json\/wp\/v2\/types\/page"}],"author":[{"embeddable":true,"href":"https:\/\/www.medoucine.com\/blog\/wp-json\/wp\/v2\/users\/781"}],"replies":[{"embeddable":true,"href":"https:\/\/www.medoucine.com\/blog\/wp-json\/wp\/v2\/comments?post=31877"}],"version-history":[{"count":3,"href":"https:\/\/www.medoucine.com\/blog\/wp-json\/wp\/v2\/pages\/31877\/revisions"}],"predecessor-version":[{"id":31881,"href":"https:\/\/www.medoucine.com\/blog\/wp-json\/wp\/v2\/pages\/31877\/revisions\/31881"}],"up":[{"embeddable":true,"href":"https:\/\/www.medoucine.com\/blog\/wp-json\/wp\/v2\/pages\/5655"}],"wp:attachment":[{"href":"https:\/\/www.medoucine.com\/blog\/wp-json\/wp\/v2\/media?parent=31877"}],"curies":[{"name":"wp","href":"https:\/\/api.w.org\/{rel}","templated":true}]}}