{"id":25762,"date":"2023-02-08T16:28:47","date_gmt":"2023-02-08T15:28:47","guid":{"rendered":"https:\/\/www.medoucine.com\/blog\/?page_id=25762"},"modified":"2023-12-13T17:06:41","modified_gmt":"2023-12-13T16:06:41","slug":"les-conferences-de-medoucine","status":"publish","type":"page","link":"https:\/\/www.medoucine.com\/blog\/le-blog-des-medecines-douces\/les-conferences-de-medoucine\/","title":{"rendered":"Les webinaires de M\u00e9doucine"},"content":{"rendered":"<div class=\"wpb-content-wrapper\">[vc_row][vc_column][vc_column_text]Chaque mois, M\u00e9doucine organise une conf\u00e9rence en ligne sur des sujets autour du bien-\u00eatre et de la sant\u00e9 int\u00e9grative. D\u00e9couvrez les derniers replays !<\/p>\n<p>&#8230; Et pour ne pas manquer les prochaines, <a href=\"https:\/\/www.medoucine.com\/blog\/\/newsletter\/\">inscrivez-vous \u00e0 la newsletter.<\/a>[\/vc_column_text][\/vc_column][\/vc_row][vc_row][vc_column width=\u00a0\u00bb1\/2&Prime;][vc_column_text]\n<h3>Pr\u00e9paration physique et mentale : d\u00e9couvrez les techniques des sportifs de haut niveau<\/h3>\n[\/vc_column_text][vc_video link=\u00a0\u00bbhttps:\/\/www.youtube.com\/watch?v=3ElK7jWTF7I\u00a0\u00bb][\/vc_column][vc_column width=\u00a0\u00bb1\/2&Prime;][vc_column_text]\n<h3>Vaincre la d\u00e9prime saisonni\u00e8re avec les pratiques compl\u00e9mentaires<\/h3>\n[\/vc_column_text][vc_video link=\u00a0\u00bbhttps:\/\/www.youtube.com\/watch?v=zbl_C82DADQ\u00a0\u00bb][\/vc_column][\/vc_row][vc_row][vc_column width=\u00a0\u00bb1\/2&Prime;][vc_column_text]\n<h3>Accompagner le cancer avec les pratiques compl\u00e9mentaires<\/h3>\n[\/vc_column_text][vc_video link=\u00a0\u00bbhttps:\/\/www.youtube.com\/watch?v=tGGkQzeLOy4&Prime;][\/vc_column][vc_column width=\u00a0\u00bb1\/2&Prime;][vc_column_text]\n<h3>Surmontez le stress de la rentr\u00e9e avec l&rsquo;EFT<\/h3>\n[\/vc_column_text][vc_video link=\u00a0\u00bbhttps:\/\/www.youtube.com\/watch?v=BQKKof2Q_W8&Prime;][\/vc_column][\/vc_row][vc_row][vc_column width=\u00a0\u00bb1\/2&Prime;][vc_column_text]\n<h3 class=\"style-scope ytd-watch-metadata\">Stress et charge mentale : naturopathie et sophrologie \u00e0 la rescousse !<\/h3>\n[\/vc_column_text][vc_video link=\u00a0\u00bbhttps:\/\/www.youtube.com\/watch?v=xouDlKO6gfM\u00a0\u00bb][\/vc_column][vc_column width=\u00a0\u00bb1\/2&Prime;][vc_column_text]\n<h3 class=\"style-scope ytd-watch-metadata\">Sant\u00e9 int\u00e9grative : vers la m\u00e9decine de demain ?<\/h3>\n[\/vc_column_text][vc_video link=\u00a0\u00bbhttps:\/\/youtu.be\/QOmqWZmjTII\u00a0\u00bb][\/vc_column][\/vc_row][vc_row][vc_column width=\u00a0\u00bb1\/2&Prime;][vc_column_text]\n<h3 class=\"style-scope ytd-watch-metadata\">Allergies : ce que la naturopathie et la r\u00e9flexologie peuvent vous apporter<\/h3>\n[\/vc_column_text][vc_video link=\u00a0\u00bbhttps:\/\/www.youtube.com\/watch?v=icPY9GA6lJY\u00a0\u00bb][\/vc_column][vc_column width=\u00a0\u00bb1\/2&Prime;][vc_column_text]\n<h3 class=\"style-scope ytd-watch-metadata\">Douleurs chroniques : les apaiser en combinant m\u00e9decine et pratiques compl\u00e9mentaires<\/h3>\n[\/vc_column_text][vc_video link=\u00a0\u00bbhttps:\/\/www.youtube.com\/watch?v=-7KwSLdjHv8&Prime;][\/vc_column][\/vc_row][vc_row][vc_column width=\u00a0\u00bb1\/2&Prime;][vc_column_text]\n<h3 class=\"style-scope ytd-watch-metadata\">Troubles f\u00e9minins : les soulager en combinant m\u00e9decine et pratiques compl\u00e9mentaires<\/h3>\n[\/vc_column_text][vc_video link=\u00a0\u00bbhttps:\/\/www.youtube.com\/watch?v=S98AlvnDzGc\u00a0\u00bb][\/vc_column][vc_column width=\u00a0\u00bb1\/2&Prime;][vc_column_text]\n<h3 class=\"style-scope ytd-watch-metadata\">Pr\u00e9paration et solutions naturelles aux d\u00e9sagr\u00e9ments de l\u2019\u00e9t\u00e9 x <a href=\"https:\/\/www.aroma-zone.com\/\">Aroma-Zone<\/a><\/h3>\n[\/vc_column_text][vc_video link=\u00a0\u00bbhttps:\/\/www.youtube.com\/watch?v=t_03qCtV4J0&Prime;][\/vc_column][\/vc_row][vc_row][vc_column width=\u00a0\u00bb1\/2&Prime;][vc_column_text]\n<h3>Fatigue : l&rsquo;accompagner avec la sant\u00e9 int\u00e9grative<\/h3>\n[\/vc_column_text][vc_video link=\u00a0\u00bbhttps:\/\/www.youtube.com\/watch?v=78vpHrsTYIc\u00a0\u00bb][\/vc_column][vc_column width=\u00a0\u00bb1\/2&Prime;][vc_column_text]\n<h3>Gestion du stress et piliers du bien-\u00eatre cl\u00e9s x Ho Karan<\/h3>\n[\/vc_column_text][vc_video link=\u00a0\u00bbhttps:\/\/www.youtube.com\/watch?v=nGNtvLJsyCc&amp;t=3s\u00a0\u00bb][\/vc_column][\/vc_row][vc_row][vc_column width=\u00a0\u00bb1\/2&Prime;][vc_column_text]\n<h3>Booster son immunit\u00e9 \u00e0 l&rsquo;approche de l&rsquo;hiver x <a href=\"https:\/\/www.aroma-zone.com\/\">Aroma-Zone<\/a><\/h3>\n[\/vc_column_text][vc_video link=\u00a0\u00bbhttps:\/\/www.youtube.com\/watch?v=zftaqJg8NeE&amp;t=1s\u00a0\u00bb][\/vc_column][vc_column width=\u00a0\u00bb1\/2&Prime;][\/vc_column][\/vc_row]\n<\/div>","protected":false},"excerpt":{"rendered":"<p>[vc_row][vc_column][vc_column_text]Chaque mois, M\u00e9doucine organise une conf\u00e9rence en ligne sur des sujets autour du bien-\u00eatre et de la sant\u00e9 int\u00e9grative. D\u00e9couvrez les derniers replays ! &#8230; Et pour ne pas manquer les prochaines, inscrivez-vous \u00e0 la newsletter.[\/vc_column_text][\/vc_column][\/vc_row][vc_row][vc_column width=\u00a0\u00bb1\/2&Prime;][vc_column_text] Pr\u00e9paration physique et mentale : d\u00e9couvrez les techniques des sportifs de haut niveau [\/vc_column_text][vc_video link=\u00a0\u00bbhttps:\/\/www.youtube.com\/watch?v=3ElK7jWTF7I\u00a0\u00bb][\/vc_column][vc_column width=\u00a0\u00bb1\/2&Prime;][vc_column_text] Vaincre la d\u00e9prime saisonni\u00e8re avec les pratiques compl\u00e9mentaires [\/vc_column_text][vc_video link=\u00a0\u00bbhttps:\/\/www.youtube.com\/watch?v=zbl_C82DADQ\u00a0\u00bb][\/vc_column][\/vc_row][vc_row][vc_column width=\u00a0\u00bb1\/2&Prime;][vc_column_text] Accompagner le cancer avec les pratiques compl\u00e9mentaires [\/vc_column_text][vc_video link=\u00a0\u00bbhttps:\/\/www.youtube.com\/watch?v=tGGkQzeLOy4&Prime;][\/vc_column][vc_column width=\u00a0\u00bb1\/2&Prime;][vc_column_text] Surmontez le stress de la rentr\u00e9e avec l&rsquo;EFT [\/vc_column_text][vc_video link=\u00a0\u00bbhttps:\/\/www.youtube.com\/watch?v=BQKKof2Q_W8&Prime;][\/vc_column][\/vc_row][vc_row][vc_column width=\u00a0\u00bb1\/2&Prime;][vc_column_text] Stress et charge mentale : naturopathie et sophrologie \u00e0 la rescousse ! [\/vc_column_text][vc_video link=\u00a0\u00bbhttps:\/\/www.youtube.com\/watch?v=xouDlKO6gfM\u00a0\u00bb][\/vc_column][vc_column width=\u00a0\u00bb1\/2&Prime;][vc_column_text] Sant\u00e9 int\u00e9grative : vers la m\u00e9decine de demain ? [\/vc_column_text][vc_video link=\u00a0\u00bbhttps:\/\/youtu.be\/QOmqWZmjTII\u00a0\u00bb][\/vc_column][\/vc_row][vc_row][vc_column width=\u00a0\u00bb1\/2&Prime;][vc_column_text] Allergies : ce que la naturopathie et la r\u00e9flexologie peuvent vous apporter [\/vc_column_text][vc_video link=\u00a0\u00bbhttps:\/\/www.youtube.com\/watch?v=icPY9GA6lJY\u00a0\u00bb][\/vc_column][vc_column width=\u00a0\u00bb1\/2&Prime;][vc_column_text] Douleurs chroniques : les apaiser en combinant m\u00e9decine [&hellip;]<\/p>\n","protected":false},"author":622,"featured_media":0,"parent":15,"menu_order":0,"comment_status":"closed","ping_status":"closed","template":"","meta":{"_acf_changed":false,"footnotes":""},"class_list":["post-25762","page","type-page","status-publish","hentry"],"acf":[],"yoast_head":"<!-- This site is optimized with the Yoast SEO plugin v27.1.1 - https:\/\/yoast.com\/product\/yoast-seo-wordpress\/ -->\n<title>Les webinaires de M\u00e9doucine ~ Blog de Medoucine<\/title>\n<meta name=\"robots\" content=\"index, follow, max-snippet:-1, max-image-preview:large, max-video-preview:-1\" \/>\n<link rel=\"canonical\" href=\"https:\/\/www.medoucine.com\/blog\/le-blog-des-medecines-douces\/les-conferences-de-medoucine\/\" \/>\n<meta property=\"og:locale\" content=\"fr_FR\" \/>\n<meta property=\"og:type\" content=\"article\" \/>\n<meta property=\"og:title\" content=\"Les webinaires de M\u00e9doucine ~ Blog de Medoucine\" \/>\n<meta property=\"og:description\" content=\"[vc_row][vc_column][vc_column_text]Chaque mois, M\u00e9doucine organise une conf\u00e9rence en ligne sur des sujets autour du bien-\u00eatre et de la sant\u00e9 int\u00e9grative. D\u00e9couvrez les derniers replays ! &#8230; Et pour ne pas manquer les prochaines, inscrivez-vous \u00e0 la newsletter.[\/vc_column_text][\/vc_column][\/vc_row][vc_row][vc_column width=\u00a0\u00bb1\/2&Prime;][vc_column_text] Pr\u00e9paration physique et mentale : d\u00e9couvrez les techniques des sportifs de haut niveau [\/vc_column_text][vc_video link=\u00a0\u00bbhttps:\/\/www.youtube.com\/watch?v=3ElK7jWTF7I\u00a0\u00bb][\/vc_column][vc_column width=\u00a0\u00bb1\/2&Prime;][vc_column_text] Vaincre la d\u00e9prime saisonni\u00e8re avec les pratiques compl\u00e9mentaires [\/vc_column_text][vc_video link=\u00a0\u00bbhttps:\/\/www.youtube.com\/watch?v=zbl_C82DADQ\u00a0\u00bb][\/vc_column][\/vc_row][vc_row][vc_column width=\u00a0\u00bb1\/2&Prime;][vc_column_text] Accompagner le cancer avec les pratiques compl\u00e9mentaires [\/vc_column_text][vc_video link=\u00a0\u00bbhttps:\/\/www.youtube.com\/watch?v=tGGkQzeLOy4&Prime;][\/vc_column][vc_column width=\u00a0\u00bb1\/2&Prime;][vc_column_text] Surmontez le stress de la rentr\u00e9e avec l&rsquo;EFT [\/vc_column_text][vc_video link=\u00a0\u00bbhttps:\/\/www.youtube.com\/watch?v=BQKKof2Q_W8&Prime;][\/vc_column][\/vc_row][vc_row][vc_column width=\u00a0\u00bb1\/2&Prime;][vc_column_text] Stress et charge mentale : naturopathie et sophrologie \u00e0 la rescousse ! [\/vc_column_text][vc_video link=\u00a0\u00bbhttps:\/\/www.youtube.com\/watch?v=xouDlKO6gfM\u00a0\u00bb][\/vc_column][vc_column width=\u00a0\u00bb1\/2&Prime;][vc_column_text] Sant\u00e9 int\u00e9grative : vers la m\u00e9decine de demain ? [\/vc_column_text][vc_video link=\u00a0\u00bbhttps:\/\/youtu.be\/QOmqWZmjTII\u00a0\u00bb][\/vc_column][\/vc_row][vc_row][vc_column width=\u00a0\u00bb1\/2&Prime;][vc_column_text] Allergies : ce que la naturopathie et la r\u00e9flexologie peuvent vous apporter [\/vc_column_text][vc_video link=\u00a0\u00bbhttps:\/\/www.youtube.com\/watch?v=icPY9GA6lJY\u00a0\u00bb][\/vc_column][vc_column width=\u00a0\u00bb1\/2&Prime;][vc_column_text] Douleurs chroniques : les apaiser en combinant m\u00e9decine [&hellip;]\" \/>\n<meta property=\"og:url\" content=\"https:\/\/www.medoucine.com\/blog\/le-blog-des-medecines-douces\/les-conferences-de-medoucine\/\" \/>\n<meta property=\"og:site_name\" content=\"Blog de Medoucine\" \/>\n<meta property=\"article:publisher\" content=\"https:\/\/www.facebook.com\/medoucine\/\" \/>\n<meta property=\"article:modified_time\" content=\"2023-12-13T16:06:41+00:00\" \/>\n<meta name=\"twitter:card\" content=\"summary_large_image\" \/>\n<meta name=\"twitter:site\" content=\"@medoucinefr\" \/>\n<meta name=\"twitter:label1\" content=\"Dur\u00e9e de lecture estim\u00e9e\" \/>\n\t<meta name=\"twitter:data1\" content=\"3 minutes\" \/>\n<script type=\"application\/ld+json\" class=\"yoast-schema-graph\">{\"@context\":\"https:\/\/schema.org\",\"@graph\":[{\"@type\":\"WebPage\",\"@id\":\"https:\/\/www.medoucine.com\/blog\/le-blog-des-medecines-douces\/les-conferences-de-medoucine\/\",\"url\":\"https:\/\/www.medoucine.com\/blog\/le-blog-des-medecines-douces\/les-conferences-de-medoucine\/\",\"name\":\"Les webinaires de M\u00e9doucine ~ Blog de Medoucine\",\"isPartOf\":{\"@id\":\"https:\/\/www.medoucine.com\/blog\/#website\"},\"datePublished\":\"2023-02-08T15:28:47+00:00\",\"dateModified\":\"2023-12-13T16:06:41+00:00\",\"breadcrumb\":{\"@id\":\"https:\/\/www.medoucine.com\/blog\/le-blog-des-medecines-douces\/les-conferences-de-medoucine\/#breadcrumb\"},\"inLanguage\":\"fr-FR\",\"potentialAction\":[{\"@type\":\"ReadAction\",\"target\":[\"https:\/\/www.medoucine.com\/blog\/le-blog-des-medecines-douces\/les-conferences-de-medoucine\/\"]}]},{\"@type\":\"BreadcrumbList\",\"@id\":\"https:\/\/www.medoucine.com\/blog\/le-blog-des-medecines-douces\/les-conferences-de-medoucine\/#breadcrumb\",\"itemListElement\":[{\"@type\":\"ListItem\",\"position\":1,\"name\":\"Blog Medoucine\",\"item\":\"https:\/\/www.medoucine.com\/blog\/\"},{\"@type\":\"ListItem\",\"position\":2,\"name\":\"Le blog de Medoucine\",\"item\":\"https:\/\/www.medoucine.com\/blog\/\"},{\"@type\":\"ListItem\",\"position\":3,\"name\":\"Les webinaires de M\u00e9doucine\"}]},{\"@type\":\"WebSite\",\"@id\":\"https:\/\/www.medoucine.com\/blog\/#website\",\"url\":\"https:\/\/www.medoucine.com\/blog\/\",\"name\":\"Blog de Medoucine\",\"description\":\"Le blog des m\u00e9decines douces\",\"publisher\":{\"@id\":\"https:\/\/www.medoucine.com\/blog\/#organization\"},\"potentialAction\":[{\"@type\":\"SearchAction\",\"target\":{\"@type\":\"EntryPoint\",\"urlTemplate\":\"https:\/\/www.medoucine.com\/blog\/?s={search_term_string}\"},\"query-input\":{\"@type\":\"PropertyValueSpecification\",\"valueRequired\":true,\"valueName\":\"search_term_string\"}}],\"inLanguage\":\"fr-FR\"},{\"@type\":\"Organization\",\"@id\":\"https:\/\/www.medoucine.com\/blog\/#organization\",\"name\":\"Medoucine\",\"url\":\"https:\/\/www.medoucine.com\/blog\/\",\"logo\":{\"@type\":\"ImageObject\",\"inLanguage\":\"fr-FR\",\"@id\":\"https:\/\/www.medoucine.com\/blog\/#\/schema\/logo\/image\/\",\"url\":\"https:\/\/www.medoucine.com\/blog\/wp-content\/uploads\/2019\/07\/logo@3x.png\",\"contentUrl\":\"https:\/\/www.medoucine.com\/blog\/wp-content\/uploads\/2019\/07\/logo@3x.png\",\"width\":555,\"height\":135,\"caption\":\"Medoucine\"},\"image\":{\"@id\":\"https:\/\/www.medoucine.com\/blog\/#\/schema\/logo\/image\/\"},\"sameAs\":[\"https:\/\/www.facebook.com\/medoucine\/\",\"https:\/\/x.com\/medoucinefr\",\"https:\/\/www.instagram.com\/medoucine\/\",\"https:\/\/www.youtube.com\/channel\/UCtZeUeJ_KebYK0KJAXjJV8g\"]}]}<\/script>\n<!-- \/ Yoast SEO plugin. -->","yoast_head_json":{"title":"Les webinaires de M\u00e9doucine ~ Blog de Medoucine","robots":{"index":"index","follow":"follow","max-snippet":"max-snippet:-1","max-image-preview":"max-image-preview:large","max-video-preview":"max-video-preview:-1"},"canonical":"https:\/\/www.medoucine.com\/blog\/le-blog-des-medecines-douces\/les-conferences-de-medoucine\/","og_locale":"fr_FR","og_type":"article","og_title":"Les webinaires de M\u00e9doucine ~ Blog de Medoucine","og_description":"[vc_row][vc_column][vc_column_text]Chaque mois, M\u00e9doucine organise une conf\u00e9rence en ligne sur des sujets autour du bien-\u00eatre et de la sant\u00e9 int\u00e9grative. D\u00e9couvrez les derniers replays ! &#8230; Et pour ne pas manquer les prochaines, inscrivez-vous \u00e0 la newsletter.[\/vc_column_text][\/vc_column][\/vc_row][vc_row][vc_column width=\u00a0\u00bb1\/2&Prime;][vc_column_text] Pr\u00e9paration physique et mentale : d\u00e9couvrez les techniques des sportifs de haut niveau [\/vc_column_text][vc_video link=\u00a0\u00bbhttps:\/\/www.youtube.com\/watch?v=3ElK7jWTF7I\u00a0\u00bb][\/vc_column][vc_column width=\u00a0\u00bb1\/2&Prime;][vc_column_text] Vaincre la d\u00e9prime saisonni\u00e8re avec les pratiques compl\u00e9mentaires [\/vc_column_text][vc_video link=\u00a0\u00bbhttps:\/\/www.youtube.com\/watch?v=zbl_C82DADQ\u00a0\u00bb][\/vc_column][\/vc_row][vc_row][vc_column width=\u00a0\u00bb1\/2&Prime;][vc_column_text] Accompagner le cancer avec les pratiques compl\u00e9mentaires [\/vc_column_text][vc_video link=\u00a0\u00bbhttps:\/\/www.youtube.com\/watch?v=tGGkQzeLOy4&Prime;][\/vc_column][vc_column width=\u00a0\u00bb1\/2&Prime;][vc_column_text] Surmontez le stress de la rentr\u00e9e avec l&rsquo;EFT [\/vc_column_text][vc_video link=\u00a0\u00bbhttps:\/\/www.youtube.com\/watch?v=BQKKof2Q_W8&Prime;][\/vc_column][\/vc_row][vc_row][vc_column width=\u00a0\u00bb1\/2&Prime;][vc_column_text] Stress et charge mentale : naturopathie et sophrologie \u00e0 la rescousse ! [\/vc_column_text][vc_video link=\u00a0\u00bbhttps:\/\/www.youtube.com\/watch?v=xouDlKO6gfM\u00a0\u00bb][\/vc_column][vc_column width=\u00a0\u00bb1\/2&Prime;][vc_column_text] Sant\u00e9 int\u00e9grative : vers la m\u00e9decine de demain ? [\/vc_column_text][vc_video link=\u00a0\u00bbhttps:\/\/youtu.be\/QOmqWZmjTII\u00a0\u00bb][\/vc_column][\/vc_row][vc_row][vc_column width=\u00a0\u00bb1\/2&Prime;][vc_column_text] Allergies : ce que la naturopathie et la r\u00e9flexologie peuvent vous apporter [\/vc_column_text][vc_video link=\u00a0\u00bbhttps:\/\/www.youtube.com\/watch?v=icPY9GA6lJY\u00a0\u00bb][\/vc_column][vc_column width=\u00a0\u00bb1\/2&Prime;][vc_column_text] Douleurs chroniques : les apaiser en combinant m\u00e9decine [&hellip;]","og_url":"https:\/\/www.medoucine.com\/blog\/le-blog-des-medecines-douces\/les-conferences-de-medoucine\/","og_site_name":"Blog de Medoucine","article_publisher":"https:\/\/www.facebook.com\/medoucine\/","article_modified_time":"2023-12-13T16:06:41+00:00","twitter_card":"summary_large_image","twitter_site":"@medoucinefr","twitter_misc":{"Dur\u00e9e de lecture estim\u00e9e":"3 minutes"},"schema":{"@context":"https:\/\/schema.org","@graph":[{"@type":"WebPage","@id":"https:\/\/www.medoucine.com\/blog\/le-blog-des-medecines-douces\/les-conferences-de-medoucine\/","url":"https:\/\/www.medoucine.com\/blog\/le-blog-des-medecines-douces\/les-conferences-de-medoucine\/","name":"Les webinaires de M\u00e9doucine ~ Blog de Medoucine","isPartOf":{"@id":"https:\/\/www.medoucine.com\/blog\/#website"},"datePublished":"2023-02-08T15:28:47+00:00","dateModified":"2023-12-13T16:06:41+00:00","breadcrumb":{"@id":"https:\/\/www.medoucine.com\/blog\/le-blog-des-medecines-douces\/les-conferences-de-medoucine\/#breadcrumb"},"inLanguage":"fr-FR","potentialAction":[{"@type":"ReadAction","target":["https:\/\/www.medoucine.com\/blog\/le-blog-des-medecines-douces\/les-conferences-de-medoucine\/"]}]},{"@type":"BreadcrumbList","@id":"https:\/\/www.medoucine.com\/blog\/le-blog-des-medecines-douces\/les-conferences-de-medoucine\/#breadcrumb","itemListElement":[{"@type":"ListItem","position":1,"name":"Blog Medoucine","item":"https:\/\/www.medoucine.com\/blog\/"},{"@type":"ListItem","position":2,"name":"Le blog de Medoucine","item":"https:\/\/www.medoucine.com\/blog\/"},{"@type":"ListItem","position":3,"name":"Les webinaires de M\u00e9doucine"}]},{"@type":"WebSite","@id":"https:\/\/www.medoucine.com\/blog\/#website","url":"https:\/\/www.medoucine.com\/blog\/","name":"Blog de Medoucine","description":"Le blog des m\u00e9decines douces","publisher":{"@id":"https:\/\/www.medoucine.com\/blog\/#organization"},"potentialAction":[{"@type":"SearchAction","target":{"@type":"EntryPoint","urlTemplate":"https:\/\/www.medoucine.com\/blog\/?s={search_term_string}"},"query-input":{"@type":"PropertyValueSpecification","valueRequired":true,"valueName":"search_term_string"}}],"inLanguage":"fr-FR"},{"@type":"Organization","@id":"https:\/\/www.medoucine.com\/blog\/#organization","name":"Medoucine","url":"https:\/\/www.medoucine.com\/blog\/","logo":{"@type":"ImageObject","inLanguage":"fr-FR","@id":"https:\/\/www.medoucine.com\/blog\/#\/schema\/logo\/image\/","url":"https:\/\/www.medoucine.com\/blog\/wp-content\/uploads\/2019\/07\/logo@3x.png","contentUrl":"https:\/\/www.medoucine.com\/blog\/wp-content\/uploads\/2019\/07\/logo@3x.png","width":555,"height":135,"caption":"Medoucine"},"image":{"@id":"https:\/\/www.medoucine.com\/blog\/#\/schema\/logo\/image\/"},"sameAs":["https:\/\/www.facebook.com\/medoucine\/","https:\/\/x.com\/medoucinefr","https:\/\/www.instagram.com\/medoucine\/","https:\/\/www.youtube.com\/channel\/UCtZeUeJ_KebYK0KJAXjJV8g"]}]}},"_links":{"self":[{"href":"https:\/\/www.medoucine.com\/blog\/wp-json\/wp\/v2\/pages\/25762","targetHints":{"allow":["GET"]}}],"collection":[{"href":"https:\/\/www.medoucine.com\/blog\/wp-json\/wp\/v2\/pages"}],"about":[{"href":"https:\/\/www.medoucine.com\/blog\/wp-json\/wp\/v2\/types\/page"}],"author":[{"embeddable":true,"href":"https:\/\/www.medoucine.com\/blog\/wp-json\/wp\/v2\/users\/622"}],"replies":[{"embeddable":true,"href":"https:\/\/www.medoucine.com\/blog\/wp-json\/wp\/v2\/comments?post=25762"}],"version-history":[{"count":19,"href":"https:\/\/www.medoucine.com\/blog\/wp-json\/wp\/v2\/pages\/25762\/revisions"}],"predecessor-version":[{"id":30073,"href":"https:\/\/www.medoucine.com\/blog\/wp-json\/wp\/v2\/pages\/25762\/revisions\/30073"}],"up":[{"embeddable":true,"href":"https:\/\/www.medoucine.com\/blog\/wp-json\/wp\/v2\/pages\/15"}],"wp:attachment":[{"href":"https:\/\/www.medoucine.com\/blog\/wp-json\/wp\/v2\/media?parent=25762"}],"curies":[{"name":"wp","href":"https:\/\/api.w.org\/{rel}","templated":true}]}}