{"id":17238,"date":"2021-03-17T14:51:15","date_gmt":"2021-03-17T13:51:15","guid":{"rendered":"https:\/\/www.medoucine.com\/blog\/?page_id=17238"},"modified":"2024-06-13T16:22:41","modified_gmt":"2024-06-13T14:22:41","slug":"recettes-vegan-sans-gluten","status":"publish","type":"page","link":"https:\/\/www.medoucine.com\/blog\/guides\/recettes-vegan-sans-gluten\/","title":{"rendered":"Les recettes vegan et sans gluten de Mary Capelle"},"content":{"rendered":"<div class=\"wpb-content-wrapper\">[vc_row css=\u00a0\u00bb.vc_custom_1592902009175{margin-top: -20px !important;}\u00a0\u00bb][vc_column][vc_row_inner][vc_column_inner width=\u00a0\u00bb2\/3&Prime;][vc_column_text]\n<p style=\"text-align: center;\">Vous \u00eates \u00e0 la recherche de recettes vegan et sans gluten ? Medoucine vous propose un livret de recettes faciles pour prendre soin de vous.<\/p>\n[\/vc_column_text][vc_single_image image=\u00a0\u00bb17245&Prime; img_size=\u00a0\u00bb636&#215;256&Prime; alignment=\u00a0\u00bbcenter\u00a0\u00bb css=\u00a0\u00bb.vc_custom_1615990498174{margin-bottom: 15px !important;}\u00a0\u00bb][vc_custom_heading text=\u00a0\u00bbGr\u00e2ce \u00e0 ce livret, vous d\u00e9couvrirez :\u00a0\u00bb font_container=\u00a0\u00bbtag:h2|text_align:center\u00a0\u00bb google_fonts=\u00a0\u00bbfont_family:Prata%3Aregular|font_style:400%20regular%3A400%3Anormal\u00a0\u00bb css=\u00a0\u00bb.vc_custom_1616062011827{margin-top: 20px !important;}\u00a0\u00bb][vc_column_text]\n<ul>\n<li><strong>Des recettes bien-\u00eatre vegan et sans gluten : <\/strong>Mary Capelle, naturopathe recommand\u00e9e du r\u00e9seau a s\u00e9lectionn\u00e9 pour vous des recettes simples et gourmandes.<\/li>\n<li><span style=\"font-size: 18px;\"><strong>Salades, plats, accompagnement, plaisirs sucr\u00e9s&#8230; \u00a0<\/strong>Il y en a pour tous les go\u00fbts !<\/span><\/li>\n<\/ul>\n[\/vc_column_text][\/vc_column_inner][vc_column_inner width=\u00a0\u00bb1\/3&Prime;][vc_raw_html]JTNDaWZyYW1lJTIwd2lkdGglM0QlMjI1NDAlMjIlMjBoZWlnaHQlM0QlMjI1NTAlMjIlMjBzcmMlM0QlMjJodHRwcyUzQSUyRiUyRjk2ZTQzYTMwLnNpYmZvcm1zLmNvbSUyRnNlcnZlJTJGTVVJRkFHSUpsODdXQk9PTFJ1T2JFU01TX1R2VzJtOWxzc2t3UEd4TVFJdzBTWjRhTl9EaGJ0dlBoRmQ1eEpDRE8yUjBxOVZhdWxkaDZibjh6RFZXVXFDYmF3bmFIOVZyZjN1bE1OeWl4MUlVQ2lwVEtfeWFZYjBTOEZIUm9idzgwR2NKT2NzeEp6aTQ5WWQyOTBtdDMzZ3d6SEY4RVBzaENSdGlnYl85UlBHUXFGdHNNaW9ERElocGVPUTB5bFIwR2VUVm1kX1d1UWtROFhKSCUyMiUyMGZyYW1lYm9yZGVyJTNEJTIyMCUyMiUyMHNjcm9sbGluZyUzRCUyMmF1dG8lMjIlMjBhbGxvd2Z1bGxzY3JlZW4lMjBzdHlsZSUzRCUyMmRpc3BsYXklM0ElMjBibG9jayUzQm1hcmdpbi1sZWZ0JTNBJTIwYXV0byUzQm1hcmdpbi1yaWdodCUzQSUyMGF1dG8lM0JtYXgtd2lkdGglM0ElMjAxMDAlMjUlM0IlMjIlM0UlM0MlMkZpZnJhbWUlM0U=[\/vc_raw_html][\/vc_column_inner][\/vc_row_inner][\/vc_column][\/vc_row][vc_row][vc_column][vc_column_text]Mary Capelle, naturopathe recommand\u00e9e, est passionn\u00e9e de cuisine bien-\u00eatre, elle propose ainsi des recettes vari\u00e9es mais surtout v\u00e9g\u00e9taliennes, sans gluten, sans sucre raffin\u00e9, sans produits transform\u00e9s et sans lactose. Ces recettes vont vous permettre de vous faire plaisir tout en prenant soin de votre corps.<\/p>\n<p>Pour \u00eatre bien accompagn\u00e9, trouvez un praticien recommand\u00e9 sur <a href=\"https:\/\/www.medoucine.com\/\">M\u00e9doucine et prenez rendez-vous simplement<\/a> ![\/vc_column_text][\/vc_column][\/vc_row]\n<\/div>","protected":false},"excerpt":{"rendered":"<p>[vc_row css=\u00a0\u00bb.vc_custom_1592902009175{margin-top: -20px !important;}\u00a0\u00bb][vc_column][vc_row_inner][vc_column_inner width=\u00a0\u00bb2\/3&Prime;][vc_column_text] Vous \u00eates \u00e0 la recherche de recettes vegan et sans gluten ? Medoucine vous propose un livret de recettes faciles pour prendre soin de vous. [\/vc_column_text][vc_single_image image=\u00a0\u00bb17245&Prime; img_size=\u00a0\u00bb636&#215;256&Prime; alignment=\u00a0\u00bbcenter\u00a0\u00bb css=\u00a0\u00bb.vc_custom_1615990498174{margin-bottom: 15px !important;}\u00a0\u00bb][vc_custom_heading text=\u00a0\u00bbGr\u00e2ce \u00e0 ce livret, vous d\u00e9couvrirez :\u00a0\u00bb font_container=\u00a0\u00bbtag:h2|text_align:center\u00a0\u00bb google_fonts=\u00a0\u00bbfont_family:Prata%3Aregular|font_style:400%20regular%3A400%3Anormal\u00a0\u00bb css=\u00a0\u00bb.vc_custom_1616062011827{margin-top: 20px !important;}\u00a0\u00bb][vc_column_text] Des recettes bien-\u00eatre vegan et sans gluten : Mary Capelle, naturopathe recommand\u00e9e du r\u00e9seau a s\u00e9lectionn\u00e9 pour vous des recettes simples et gourmandes. Salades, plats, accompagnement, plaisirs sucr\u00e9s&#8230; \u00a0Il y en a pour tous les go\u00fbts ! [\/vc_column_text][\/vc_column_inner][vc_column_inner width=\u00a0\u00bb1\/3&Prime;][vc_raw_html]JTNDaWZyYW1lJTIwd2lkdGglM0QlMjI1NDAlMjIlMjBoZWlnaHQlM0QlMjI1NTAlMjIlMjBzcmMlM0QlMjJodHRwcyUzQSUyRiUyRjk2ZTQzYTMwLnNpYmZvcm1zLmNvbSUyRnNlcnZlJTJGTVVJRkFHSUpsODdXQk9PTFJ1T2JFU01TX1R2VzJtOWxzc2t3UEd4TVFJdzBTWjRhTl9EaGJ0dlBoRmQ1eEpDRE8yUjBxOVZhdWxkaDZibjh6RFZXVXFDYmF3bmFIOVZyZjN1bE1OeWl4MUlVQ2lwVEtfeWFZYjBTOEZIUm9idzgwR2NKT2NzeEp6aTQ5WWQyOTBtdDMzZ3d6SEY4RVBzaENSdGlnYl85UlBHUXFGdHNNaW9ERElocGVPUTB5bFIwR2VUVm1kX1d1UWtROFhKSCUyMiUyMGZyYW1lYm9yZGVyJTNEJTIyMCUyMiUyMHNjcm9sbGluZyUzRCUyMmF1dG8lMjIlMjBhbGxvd2Z1bGxzY3JlZW4lMjBzdHlsZSUzRCUyMmRpc3BsYXklM0ElMjBibG9jayUzQm1hcmdpbi1sZWZ0JTNBJTIwYXV0byUzQm1hcmdpbi1yaWdodCUzQSUyMGF1dG8lM0JtYXgtd2lkdGglM0ElMjAxMDAlMjUlM0IlMjIlM0UlM0MlMkZpZnJhbWUlM0U=[\/vc_raw_html][\/vc_column_inner][\/vc_row_inner][\/vc_column][\/vc_row][vc_row][vc_column][vc_column_text]Mary Capelle, naturopathe recommand\u00e9e, est passionn\u00e9e de cuisine bien-\u00eatre, elle propose ainsi des recettes vari\u00e9es mais surtout v\u00e9g\u00e9taliennes, sans gluten, sans sucre raffin\u00e9, sans produits transform\u00e9s et sans lactose. Ces recettes vont vous permettre de vous faire plaisir tout en prenant soin de votre corps. Pour \u00eatre bien [&hellip;]<\/p>\n","protected":false},"author":298,"featured_media":0,"parent":5655,"menu_order":0,"comment_status":"closed","ping_status":"closed","template":"","meta":{"_acf_changed":false,"footnotes":""},"class_list":["post-17238","page","type-page","status-publish","hentry"],"acf":[],"yoast_head":"<!-- This site is optimized with the Yoast SEO plugin v27.1.1 - https:\/\/yoast.com\/product\/yoast-seo-wordpress\/ -->\n<title>Les recettes bien-\u00eatre : vegan &amp; sans gluten<\/title>\n<meta name=\"description\" content=\"Mary Capelle, naturopathe certifi\u00e9e, vous propose une selection de recettes simples et gourmandes pour prendre soin de votre corps.\" \/>\n<meta name=\"robots\" content=\"index, follow, max-snippet:-1, max-image-preview:large, max-video-preview:-1\" \/>\n<link rel=\"canonical\" href=\"https:\/\/www.medoucine.com\/blog\/\/guides\/guide-quelle-medecine-douce-est-faite-pour-vous-2\" \/>\n<meta property=\"og:locale\" content=\"fr_FR\" \/>\n<meta property=\"og:type\" content=\"article\" \/>\n<meta property=\"og:title\" content=\"Les recettes bien-\u00eatre : vegan &amp; sans gluten\" \/>\n<meta property=\"og:description\" content=\"Mary Capelle, naturopathe certifi\u00e9e, vous propose une selection de recettes simples et gourmandes pour prendre soin de votre corps.\" \/>\n<meta property=\"og:url\" content=\"https:\/\/www.medoucine.com\/blog\/\/guides\/guide-quelle-medecine-douce-est-faite-pour-vous-2\" \/>\n<meta property=\"og:site_name\" content=\"Blog de Medoucine\" \/>\n<meta property=\"article:publisher\" content=\"https:\/\/www.facebook.com\/medoucine\/\" \/>\n<meta property=\"article:modified_time\" content=\"2024-06-13T14:22:41+00:00\" \/>\n<meta name=\"twitter:card\" content=\"summary_large_image\" \/>\n<meta name=\"twitter:site\" content=\"@medoucinefr\" \/>\n<meta name=\"twitter:label1\" content=\"Dur\u00e9e de lecture estim\u00e9e\" \/>\n\t<meta name=\"twitter:data1\" content=\"2 minutes\" \/>\n<script type=\"application\/ld+json\" class=\"yoast-schema-graph\">{\"@context\":\"https:\/\/schema.org\",\"@graph\":[{\"@type\":\"WebPage\",\"@id\":\"https:\/\/www.medoucine.com\/blog\/guides\/recettes-vegan-sans-gluten\/\",\"url\":\"https:\/\/www.medoucine.com\/blog\/\/guides\/guide-quelle-medecine-douce-est-faite-pour-vous-2\",\"name\":\"Les recettes bien-\u00eatre : vegan & sans gluten\",\"isPartOf\":{\"@id\":\"https:\/\/www.medoucine.com\/blog\/#website\"},\"datePublished\":\"2021-03-17T13:51:15+00:00\",\"dateModified\":\"2024-06-13T14:22:41+00:00\",\"description\":\"Mary Capelle, naturopathe certifi\u00e9e, vous propose une selection de recettes simples et gourmandes pour prendre soin de votre corps.\",\"breadcrumb\":{\"@id\":\"https:\/\/www.medoucine.com\/blog\/\/guides\/guide-quelle-medecine-douce-est-faite-pour-vous-2#breadcrumb\"},\"inLanguage\":\"fr-FR\",\"potentialAction\":[{\"@type\":\"ReadAction\",\"target\":[\"https:\/\/www.medoucine.com\/blog\/\/guides\/guide-quelle-medecine-douce-est-faite-pour-vous-2\"]}]},{\"@type\":\"BreadcrumbList\",\"@id\":\"https:\/\/www.medoucine.com\/blog\/\/guides\/guide-quelle-medecine-douce-est-faite-pour-vous-2#breadcrumb\",\"itemListElement\":[{\"@type\":\"ListItem\",\"position\":1,\"name\":\"Blog Medoucine\",\"item\":\"https:\/\/www.medoucine.com\/blog\/\"},{\"@type\":\"ListItem\",\"position\":2,\"name\":\"Guides gratuits \u00e0 t\u00e9l\u00e9charger\",\"item\":\"https:\/\/www.medoucine.com\/blog\/guides\/\"},{\"@type\":\"ListItem\",\"position\":3,\"name\":\"Les recettes vegan et sans gluten de Mary Capelle\"}]},{\"@type\":\"WebSite\",\"@id\":\"https:\/\/www.medoucine.com\/blog\/#website\",\"url\":\"https:\/\/www.medoucine.com\/blog\/\",\"name\":\"Blog de Medoucine\",\"description\":\"Le blog des m\u00e9decines douces\",\"publisher\":{\"@id\":\"https:\/\/www.medoucine.com\/blog\/#organization\"},\"potentialAction\":[{\"@type\":\"SearchAction\",\"target\":{\"@type\":\"EntryPoint\",\"urlTemplate\":\"https:\/\/www.medoucine.com\/blog\/?s={search_term_string}\"},\"query-input\":{\"@type\":\"PropertyValueSpecification\",\"valueRequired\":true,\"valueName\":\"search_term_string\"}}],\"inLanguage\":\"fr-FR\"},{\"@type\":\"Organization\",\"@id\":\"https:\/\/www.medoucine.com\/blog\/#organization\",\"name\":\"Medoucine\",\"url\":\"https:\/\/www.medoucine.com\/blog\/\",\"logo\":{\"@type\":\"ImageObject\",\"inLanguage\":\"fr-FR\",\"@id\":\"https:\/\/www.medoucine.com\/blog\/#\/schema\/logo\/image\/\",\"url\":\"https:\/\/www.medoucine.com\/blog\/wp-content\/uploads\/2019\/07\/logo@3x.png\",\"contentUrl\":\"https:\/\/www.medoucine.com\/blog\/wp-content\/uploads\/2019\/07\/logo@3x.png\",\"width\":555,\"height\":135,\"caption\":\"Medoucine\"},\"image\":{\"@id\":\"https:\/\/www.medoucine.com\/blog\/#\/schema\/logo\/image\/\"},\"sameAs\":[\"https:\/\/www.facebook.com\/medoucine\/\",\"https:\/\/x.com\/medoucinefr\",\"https:\/\/www.instagram.com\/medoucine\/\",\"https:\/\/www.youtube.com\/channel\/UCtZeUeJ_KebYK0KJAXjJV8g\"]}]}<\/script>\n<!-- \/ Yoast SEO plugin. -->","yoast_head_json":{"title":"Les recettes bien-\u00eatre : vegan & sans gluten","description":"Mary Capelle, naturopathe certifi\u00e9e, vous propose une selection de recettes simples et gourmandes pour prendre soin de votre corps.","robots":{"index":"index","follow":"follow","max-snippet":"max-snippet:-1","max-image-preview":"max-image-preview:large","max-video-preview":"max-video-preview:-1"},"canonical":"https:\/\/www.medoucine.com\/blog\/\/guides\/guide-quelle-medecine-douce-est-faite-pour-vous-2","og_locale":"fr_FR","og_type":"article","og_title":"Les recettes bien-\u00eatre : vegan & sans gluten","og_description":"Mary Capelle, naturopathe certifi\u00e9e, vous propose une selection de recettes simples et gourmandes pour prendre soin de votre corps.","og_url":"https:\/\/www.medoucine.com\/blog\/\/guides\/guide-quelle-medecine-douce-est-faite-pour-vous-2","og_site_name":"Blog de Medoucine","article_publisher":"https:\/\/www.facebook.com\/medoucine\/","article_modified_time":"2024-06-13T14:22:41+00:00","twitter_card":"summary_large_image","twitter_site":"@medoucinefr","twitter_misc":{"Dur\u00e9e de lecture estim\u00e9e":"2 minutes"},"schema":{"@context":"https:\/\/schema.org","@graph":[{"@type":"WebPage","@id":"https:\/\/www.medoucine.com\/blog\/guides\/recettes-vegan-sans-gluten\/","url":"https:\/\/www.medoucine.com\/blog\/\/guides\/guide-quelle-medecine-douce-est-faite-pour-vous-2","name":"Les recettes bien-\u00eatre : vegan & sans gluten","isPartOf":{"@id":"https:\/\/www.medoucine.com\/blog\/#website"},"datePublished":"2021-03-17T13:51:15+00:00","dateModified":"2024-06-13T14:22:41+00:00","description":"Mary Capelle, naturopathe certifi\u00e9e, vous propose une selection de recettes simples et gourmandes pour prendre soin de votre corps.","breadcrumb":{"@id":"https:\/\/www.medoucine.com\/blog\/\/guides\/guide-quelle-medecine-douce-est-faite-pour-vous-2#breadcrumb"},"inLanguage":"fr-FR","potentialAction":[{"@type":"ReadAction","target":["https:\/\/www.medoucine.com\/blog\/\/guides\/guide-quelle-medecine-douce-est-faite-pour-vous-2"]}]},{"@type":"BreadcrumbList","@id":"https:\/\/www.medoucine.com\/blog\/\/guides\/guide-quelle-medecine-douce-est-faite-pour-vous-2#breadcrumb","itemListElement":[{"@type":"ListItem","position":1,"name":"Blog Medoucine","item":"https:\/\/www.medoucine.com\/blog\/"},{"@type":"ListItem","position":2,"name":"Guides gratuits \u00e0 t\u00e9l\u00e9charger","item":"https:\/\/www.medoucine.com\/blog\/guides\/"},{"@type":"ListItem","position":3,"name":"Les recettes vegan et sans gluten de Mary Capelle"}]},{"@type":"WebSite","@id":"https:\/\/www.medoucine.com\/blog\/#website","url":"https:\/\/www.medoucine.com\/blog\/","name":"Blog de Medoucine","description":"Le blog des m\u00e9decines douces","publisher":{"@id":"https:\/\/www.medoucine.com\/blog\/#organization"},"potentialAction":[{"@type":"SearchAction","target":{"@type":"EntryPoint","urlTemplate":"https:\/\/www.medoucine.com\/blog\/?s={search_term_string}"},"query-input":{"@type":"PropertyValueSpecification","valueRequired":true,"valueName":"search_term_string"}}],"inLanguage":"fr-FR"},{"@type":"Organization","@id":"https:\/\/www.medoucine.com\/blog\/#organization","name":"Medoucine","url":"https:\/\/www.medoucine.com\/blog\/","logo":{"@type":"ImageObject","inLanguage":"fr-FR","@id":"https:\/\/www.medoucine.com\/blog\/#\/schema\/logo\/image\/","url":"https:\/\/www.medoucine.com\/blog\/wp-content\/uploads\/2019\/07\/logo@3x.png","contentUrl":"https:\/\/www.medoucine.com\/blog\/wp-content\/uploads\/2019\/07\/logo@3x.png","width":555,"height":135,"caption":"Medoucine"},"image":{"@id":"https:\/\/www.medoucine.com\/blog\/#\/schema\/logo\/image\/"},"sameAs":["https:\/\/www.facebook.com\/medoucine\/","https:\/\/x.com\/medoucinefr","https:\/\/www.instagram.com\/medoucine\/","https:\/\/www.youtube.com\/channel\/UCtZeUeJ_KebYK0KJAXjJV8g"]}]}},"_links":{"self":[{"href":"https:\/\/www.medoucine.com\/blog\/wp-json\/wp\/v2\/pages\/17238","targetHints":{"allow":["GET"]}}],"collection":[{"href":"https:\/\/www.medoucine.com\/blog\/wp-json\/wp\/v2\/pages"}],"about":[{"href":"https:\/\/www.medoucine.com\/blog\/wp-json\/wp\/v2\/types\/page"}],"author":[{"embeddable":true,"href":"https:\/\/www.medoucine.com\/blog\/wp-json\/wp\/v2\/users\/298"}],"replies":[{"embeddable":true,"href":"https:\/\/www.medoucine.com\/blog\/wp-json\/wp\/v2\/comments?post=17238"}],"version-history":[{"count":10,"href":"https:\/\/www.medoucine.com\/blog\/wp-json\/wp\/v2\/pages\/17238\/revisions"}],"predecessor-version":[{"id":31868,"href":"https:\/\/www.medoucine.com\/blog\/wp-json\/wp\/v2\/pages\/17238\/revisions\/31868"}],"up":[{"embeddable":true,"href":"https:\/\/www.medoucine.com\/blog\/wp-json\/wp\/v2\/pages\/5655"}],"wp:attachment":[{"href":"https:\/\/www.medoucine.com\/blog\/wp-json\/wp\/v2\/media?parent=17238"}],"curies":[{"name":"wp","href":"https:\/\/api.w.org\/{rel}","templated":true}]}}