{"id":14318,"date":"2020-07-24T16:50:40","date_gmt":"2020-07-24T14:50:40","guid":{"rendered":"https:\/\/www.medoucine.com\/blog\/?page_id=14318"},"modified":"2020-10-30T10:19:22","modified_gmt":"2020-10-30T09:19:22","slug":"seances-a-tarif-reduit-pour-le-personnel-soignant-et-hospitalier","status":"publish","type":"page","link":"https:\/\/www.medoucine.com\/blog\/seances-a-tarif-reduit-pour-le-personnel-soignant-et-hospitalier\/","title":{"rendered":"S\u00e9ances \u00e0 tarif r\u00e9duit pour le personnel soignant et hospitalier"},"content":{"rendered":"<div class=\"wpb-content-wrapper\">[vc_row][vc_column][vc_column_text]Les praticiens s\u00e9lectionn\u00e9s du r\u00e9seau Medoucine proposent au personnel soignant et hospitalier <strong>15 % de r\u00e9duction sur leur 2 premi\u00e8res s\u00e9ances.<\/strong> Ils souhaitent ainsi\u00a0 apporter leur soutien et aider nos soignants \u00e0 prendre soin d&rsquo;eux.<\/p>\n<h2>Qui peut b\u00e9n\u00e9ficier de ces s\u00e9ances \u00e0 tarif pr\u00e9f\u00e9rentiel ?<\/h2>\n<ul>\n<li>Les soignants du public, du priv\u00e9 ainsi que ceux exer\u00e7ant en lib\u00e9ral<\/li>\n<li>Le personnel hospitalier des structures publiques et priv\u00e9es<\/li>\n<\/ul>\n<h2>Comment trouver un praticien engag\u00e9 aupr\u00e8s des soignants et du personnel hospitalier ?<\/h2>\n<p>Les praticiens participants qui proposent la r\u00e9duction sont reconnaissables sur <a href=\"https:\/\/www.medoucine.com\/\">Medoucine.com<\/a> gr\u00e2ce au macaron \u00ab\u00a0Soutien soignant\u00a0\u00bb en haut \u00e0 droite de leur profil :<\/p>\n<p><img loading=\"lazy\" decoding=\"async\" class=\"aligncenter\" src=\"https:\/\/www.medoucine.com\/blog\/\/wp-content\/uploads\/2020\/07\/image-soutien-soignant.png\" width=\"727\" height=\"240\" \/><\/p>\n<p>Cette op\u00e9ration est initi\u00e9e et soutenue par notre partenaire du monde hospitalier : <a href=\"https:\/\/www.happytal.com\/fr\/\">Happytal.<\/a>[\/vc_column_text][vc_btn title=\u00a0\u00bbPrendre RDV avec un praticien Medoucine\u00a0\u00bb color=\u00a0\u00bbpink\u00a0\u00bb size=\u00a0\u00bblg\u00a0\u00bb align=\u00a0\u00bbcenter\u00a0\u00bb link=\u00a0\u00bburl:https%3A%2F%2Fwww.medoucine.com%2F|||\u00a0\u00bb][vc_column_text]\n<h2>Comment b\u00e9n\u00e9ficier des 2 s\u00e9ances \u00e0 tarif r\u00e9duit ?<\/h2>\n<ol>\n<li>Allez sur la plateforme <a href=\"https:\/\/www.medoucine.com\/\">Medoucine.com<\/a><\/li>\n<li>Effectuez votre recherche\u00a0 de praticien par pratique ou probl\u00e9matique<\/li>\n<li>Choisissez un des praticiens engag\u00e9s dans la liste des r\u00e9sultats que vous pourrez identifier avec le logo \u00ab Soutien Soignants \u00bb<\/li>\n<li>Prenez rendez-vous en ligne pour la s\u00e9ance de votre choix et dans le motif de consultation, pr\u00e9cisez \u00ab\u00a0Soutien soignants\u00a0\u00bb et indiquez votre poste et\/ou votre num\u00e9ro Adeli si vous en poss\u00e9dez un<\/li>\n<li>Pr\u00e9sentez votre carte professionnelle ou document attestant de votre statut lors du rendez-vous (obligatoire), et prenez soin de vous !<\/li>\n<\/ol>\n[\/vc_column_text][vc_btn title=\u00a0\u00bbPrendre RDV avec un praticien Medoucine\u00a0\u00bb color=\u00a0\u00bbpink\u00a0\u00bb size=\u00a0\u00bblg\u00a0\u00bb align=\u00a0\u00bbcenter\u00a0\u00bb link=\u00a0\u00bburl:https%3A%2F%2Fwww.medoucine.com%2F|||\u00a0\u00bb][\/vc_column][\/vc_row]\n<\/div>","protected":false},"excerpt":{"rendered":"<p>[vc_row][vc_column][vc_column_text]Les praticiens s\u00e9lectionn\u00e9s du r\u00e9seau Medoucine proposent au personnel soignant et hospitalier 15 % de r\u00e9duction sur leur 2 premi\u00e8res s\u00e9ances. Ils souhaitent ainsi\u00a0 apporter leur soutien et aider nos soignants \u00e0 prendre soin d&rsquo;eux. Qui peut b\u00e9n\u00e9ficier de ces s\u00e9ances \u00e0 tarif pr\u00e9f\u00e9rentiel ? Les soignants du public, du priv\u00e9 ainsi que ceux exer\u00e7ant en lib\u00e9ral Le personnel hospitalier des structures publiques et priv\u00e9es Comment trouver un praticien engag\u00e9 aupr\u00e8s des soignants et du personnel hospitalier ? Les praticiens participants qui proposent la r\u00e9duction sont reconnaissables sur Medoucine.com gr\u00e2ce au macaron \u00ab\u00a0Soutien soignant\u00a0\u00bb en haut \u00e0 droite de leur profil : Cette op\u00e9ration est initi\u00e9e et soutenue par notre partenaire du monde hospitalier : Happytal.[\/vc_column_text][vc_btn title=\u00a0\u00bbPrendre RDV avec un praticien Medoucine\u00a0\u00bb color=\u00a0\u00bbpink\u00a0\u00bb size=\u00a0\u00bblg\u00a0\u00bb align=\u00a0\u00bbcenter\u00a0\u00bb link=\u00a0\u00bburl:https%3A%2F%2Fwww.medoucine.com%2F|||\u00a0\u00bb][vc_column_text] Comment b\u00e9n\u00e9ficier des 2 s\u00e9ances \u00e0 tarif r\u00e9duit ? [&hellip;]<\/p>\n","protected":false},"author":265,"featured_media":14569,"parent":0,"menu_order":0,"comment_status":"closed","ping_status":"closed","template":"","meta":{"_acf_changed":false,"footnotes":""},"class_list":["post-14318","page","type-page","status-publish","has-post-thumbnail","hentry"],"acf":[],"yoast_head":"<!-- This site is optimized with the Yoast SEO plugin v27.1.1 - https:\/\/yoast.com\/product\/yoast-seo-wordpress\/ -->\n<title>S\u00e9ance de m\u00e9decines douces \u00e0 tarif r\u00e9duit pour les soignants<\/title>\n<meta name=\"description\" content=\"-15% offerts sur vos 2 premi\u00e8res consultations. Ost\u00e9opathie, hypnose, sophrologie, r\u00e9flexologie... Prenez un peu de temps pour vous et votre bien-\u00eatre.\" \/>\n<meta name=\"robots\" content=\"index, follow, max-snippet:-1, max-image-preview:large, max-video-preview:-1\" \/>\n<link rel=\"canonical\" href=\"https:\/\/www.medoucine.com\/blog\/seances-a-tarif-reduit-pour-le-personnel-soignant-et-hospitalier\/\" \/>\n<meta property=\"og:locale\" content=\"fr_FR\" \/>\n<meta property=\"og:type\" content=\"article\" \/>\n<meta property=\"og:title\" content=\"S\u00e9ance de m\u00e9decines douces \u00e0 tarif r\u00e9duit pour les soignants\" \/>\n<meta property=\"og:description\" content=\"-15% offerts sur vos 2 premi\u00e8res consultations. Ost\u00e9opathie, hypnose, sophrologie, r\u00e9flexologie... Prenez un peu de temps pour vous et votre bien-\u00eatre.\" \/>\n<meta property=\"og:url\" content=\"https:\/\/www.medoucine.com\/blog\/seances-a-tarif-reduit-pour-le-personnel-soignant-et-hospitalier\/\" \/>\n<meta property=\"og:site_name\" content=\"Blog de Medoucine\" \/>\n<meta property=\"article:publisher\" content=\"https:\/\/www.facebook.com\/medoucine\/\" \/>\n<meta property=\"article:modified_time\" content=\"2020-10-30T09:19:22+00:00\" \/>\n<meta property=\"og:image\" content=\"https:\/\/www.medoucine.com\/blog\/wp-content\/uploads\/2020\/07\/B2T_Visuels-OP-soignants-LP-Blog.png\" \/>\n\t<meta property=\"og:image:width\" content=\"940\" \/>\n\t<meta property=\"og:image:height\" content=\"250\" \/>\n\t<meta property=\"og:image:type\" content=\"image\/png\" \/>\n<meta name=\"twitter:card\" content=\"summary_large_image\" \/>\n<meta name=\"twitter:site\" content=\"@medoucinefr\" \/>\n<meta name=\"twitter:label1\" content=\"Dur\u00e9e de lecture estim\u00e9e\" \/>\n\t<meta name=\"twitter:data1\" content=\"1 minute\" \/>\n<script type=\"application\/ld+json\" class=\"yoast-schema-graph\">{\"@context\":\"https:\/\/schema.org\",\"@graph\":[{\"@type\":\"WebPage\",\"@id\":\"https:\/\/www.medoucine.com\/blog\/seances-a-tarif-reduit-pour-le-personnel-soignant-et-hospitalier\/\",\"url\":\"https:\/\/www.medoucine.com\/blog\/seances-a-tarif-reduit-pour-le-personnel-soignant-et-hospitalier\/\",\"name\":\"S\u00e9ance de m\u00e9decines douces \u00e0 tarif r\u00e9duit pour les soignants\",\"isPartOf\":{\"@id\":\"https:\/\/www.medoucine.com\/blog\/#website\"},\"primaryImageOfPage\":{\"@id\":\"https:\/\/www.medoucine.com\/blog\/seances-a-tarif-reduit-pour-le-personnel-soignant-et-hospitalier\/#primaryimage\"},\"image\":{\"@id\":\"https:\/\/www.medoucine.com\/blog\/seances-a-tarif-reduit-pour-le-personnel-soignant-et-hospitalier\/#primaryimage\"},\"thumbnailUrl\":\"https:\/\/www.medoucine.com\/blog\/wp-content\/uploads\/2020\/07\/B2T_Visuels-OP-soignants-LP-Blog.png\",\"datePublished\":\"2020-07-24T14:50:40+00:00\",\"dateModified\":\"2020-10-30T09:19:22+00:00\",\"description\":\"-15% offerts sur vos 2 premi\u00e8res consultations. Ost\u00e9opathie, hypnose, sophrologie, r\u00e9flexologie... Prenez un peu de temps pour vous et votre bien-\u00eatre.\",\"breadcrumb\":{\"@id\":\"https:\/\/www.medoucine.com\/blog\/seances-a-tarif-reduit-pour-le-personnel-soignant-et-hospitalier\/#breadcrumb\"},\"inLanguage\":\"fr-FR\",\"potentialAction\":[{\"@type\":\"ReadAction\",\"target\":[\"https:\/\/www.medoucine.com\/blog\/seances-a-tarif-reduit-pour-le-personnel-soignant-et-hospitalier\/\"]}]},{\"@type\":\"ImageObject\",\"inLanguage\":\"fr-FR\",\"@id\":\"https:\/\/www.medoucine.com\/blog\/seances-a-tarif-reduit-pour-le-personnel-soignant-et-hospitalier\/#primaryimage\",\"url\":\"https:\/\/www.medoucine.com\/blog\/wp-content\/uploads\/2020\/07\/B2T_Visuels-OP-soignants-LP-Blog.png\",\"contentUrl\":\"https:\/\/www.medoucine.com\/blog\/wp-content\/uploads\/2020\/07\/B2T_Visuels-OP-soignants-LP-Blog.png\",\"width\":940,\"height\":250,\"caption\":\"M\u00e9decines douces \u00e0 tarif r\u00e9duit pour les soignants\"},{\"@type\":\"BreadcrumbList\",\"@id\":\"https:\/\/www.medoucine.com\/blog\/seances-a-tarif-reduit-pour-le-personnel-soignant-et-hospitalier\/#breadcrumb\",\"itemListElement\":[{\"@type\":\"ListItem\",\"position\":1,\"name\":\"Blog Medoucine\",\"item\":\"https:\/\/www.medoucine.com\/blog\/\"},{\"@type\":\"ListItem\",\"position\":2,\"name\":\"S\u00e9ances \u00e0 tarif r\u00e9duit pour le personnel soignant et hospitalier\"}]},{\"@type\":\"WebSite\",\"@id\":\"https:\/\/www.medoucine.com\/blog\/#website\",\"url\":\"https:\/\/www.medoucine.com\/blog\/\",\"name\":\"Blog de Medoucine\",\"description\":\"Le blog des m\u00e9decines douces\",\"publisher\":{\"@id\":\"https:\/\/www.medoucine.com\/blog\/#organization\"},\"potentialAction\":[{\"@type\":\"SearchAction\",\"target\":{\"@type\":\"EntryPoint\",\"urlTemplate\":\"https:\/\/www.medoucine.com\/blog\/?s={search_term_string}\"},\"query-input\":{\"@type\":\"PropertyValueSpecification\",\"valueRequired\":true,\"valueName\":\"search_term_string\"}}],\"inLanguage\":\"fr-FR\"},{\"@type\":\"Organization\",\"@id\":\"https:\/\/www.medoucine.com\/blog\/#organization\",\"name\":\"Medoucine\",\"url\":\"https:\/\/www.medoucine.com\/blog\/\",\"logo\":{\"@type\":\"ImageObject\",\"inLanguage\":\"fr-FR\",\"@id\":\"https:\/\/www.medoucine.com\/blog\/#\/schema\/logo\/image\/\",\"url\":\"https:\/\/www.medoucine.com\/blog\/wp-content\/uploads\/2019\/07\/logo@3x.png\",\"contentUrl\":\"https:\/\/www.medoucine.com\/blog\/wp-content\/uploads\/2019\/07\/logo@3x.png\",\"width\":555,\"height\":135,\"caption\":\"Medoucine\"},\"image\":{\"@id\":\"https:\/\/www.medoucine.com\/blog\/#\/schema\/logo\/image\/\"},\"sameAs\":[\"https:\/\/www.facebook.com\/medoucine\/\",\"https:\/\/x.com\/medoucinefr\",\"https:\/\/www.instagram.com\/medoucine\/\",\"https:\/\/www.youtube.com\/channel\/UCtZeUeJ_KebYK0KJAXjJV8g\"]}]}<\/script>\n<!-- \/ Yoast SEO plugin. -->","yoast_head_json":{"title":"S\u00e9ance de m\u00e9decines douces \u00e0 tarif r\u00e9duit pour les soignants","description":"-15% offerts sur vos 2 premi\u00e8res consultations. Ost\u00e9opathie, hypnose, sophrologie, r\u00e9flexologie... Prenez un peu de temps pour vous et votre bien-\u00eatre.","robots":{"index":"index","follow":"follow","max-snippet":"max-snippet:-1","max-image-preview":"max-image-preview:large","max-video-preview":"max-video-preview:-1"},"canonical":"https:\/\/www.medoucine.com\/blog\/seances-a-tarif-reduit-pour-le-personnel-soignant-et-hospitalier\/","og_locale":"fr_FR","og_type":"article","og_title":"S\u00e9ance de m\u00e9decines douces \u00e0 tarif r\u00e9duit pour les soignants","og_description":"-15% offerts sur vos 2 premi\u00e8res consultations. Ost\u00e9opathie, hypnose, sophrologie, r\u00e9flexologie... Prenez un peu de temps pour vous et votre bien-\u00eatre.","og_url":"https:\/\/www.medoucine.com\/blog\/seances-a-tarif-reduit-pour-le-personnel-soignant-et-hospitalier\/","og_site_name":"Blog de Medoucine","article_publisher":"https:\/\/www.facebook.com\/medoucine\/","article_modified_time":"2020-10-30T09:19:22+00:00","og_image":[{"width":940,"height":250,"url":"https:\/\/www.medoucine.com\/blog\/wp-content\/uploads\/2020\/07\/B2T_Visuels-OP-soignants-LP-Blog.png","type":"image\/png"}],"twitter_card":"summary_large_image","twitter_site":"@medoucinefr","twitter_misc":{"Dur\u00e9e de lecture estim\u00e9e":"1 minute"},"schema":{"@context":"https:\/\/schema.org","@graph":[{"@type":"WebPage","@id":"https:\/\/www.medoucine.com\/blog\/seances-a-tarif-reduit-pour-le-personnel-soignant-et-hospitalier\/","url":"https:\/\/www.medoucine.com\/blog\/seances-a-tarif-reduit-pour-le-personnel-soignant-et-hospitalier\/","name":"S\u00e9ance de m\u00e9decines douces \u00e0 tarif r\u00e9duit pour les soignants","isPartOf":{"@id":"https:\/\/www.medoucine.com\/blog\/#website"},"primaryImageOfPage":{"@id":"https:\/\/www.medoucine.com\/blog\/seances-a-tarif-reduit-pour-le-personnel-soignant-et-hospitalier\/#primaryimage"},"image":{"@id":"https:\/\/www.medoucine.com\/blog\/seances-a-tarif-reduit-pour-le-personnel-soignant-et-hospitalier\/#primaryimage"},"thumbnailUrl":"https:\/\/www.medoucine.com\/blog\/wp-content\/uploads\/2020\/07\/B2T_Visuels-OP-soignants-LP-Blog.png","datePublished":"2020-07-24T14:50:40+00:00","dateModified":"2020-10-30T09:19:22+00:00","description":"-15% offerts sur vos 2 premi\u00e8res consultations. Ost\u00e9opathie, hypnose, sophrologie, r\u00e9flexologie... Prenez un peu de temps pour vous et votre bien-\u00eatre.","breadcrumb":{"@id":"https:\/\/www.medoucine.com\/blog\/seances-a-tarif-reduit-pour-le-personnel-soignant-et-hospitalier\/#breadcrumb"},"inLanguage":"fr-FR","potentialAction":[{"@type":"ReadAction","target":["https:\/\/www.medoucine.com\/blog\/seances-a-tarif-reduit-pour-le-personnel-soignant-et-hospitalier\/"]}]},{"@type":"ImageObject","inLanguage":"fr-FR","@id":"https:\/\/www.medoucine.com\/blog\/seances-a-tarif-reduit-pour-le-personnel-soignant-et-hospitalier\/#primaryimage","url":"https:\/\/www.medoucine.com\/blog\/wp-content\/uploads\/2020\/07\/B2T_Visuels-OP-soignants-LP-Blog.png","contentUrl":"https:\/\/www.medoucine.com\/blog\/wp-content\/uploads\/2020\/07\/B2T_Visuels-OP-soignants-LP-Blog.png","width":940,"height":250,"caption":"M\u00e9decines douces \u00e0 tarif r\u00e9duit pour les soignants"},{"@type":"BreadcrumbList","@id":"https:\/\/www.medoucine.com\/blog\/seances-a-tarif-reduit-pour-le-personnel-soignant-et-hospitalier\/#breadcrumb","itemListElement":[{"@type":"ListItem","position":1,"name":"Blog Medoucine","item":"https:\/\/www.medoucine.com\/blog\/"},{"@type":"ListItem","position":2,"name":"S\u00e9ances \u00e0 tarif r\u00e9duit pour le personnel soignant et hospitalier"}]},{"@type":"WebSite","@id":"https:\/\/www.medoucine.com\/blog\/#website","url":"https:\/\/www.medoucine.com\/blog\/","name":"Blog de Medoucine","description":"Le blog des m\u00e9decines douces","publisher":{"@id":"https:\/\/www.medoucine.com\/blog\/#organization"},"potentialAction":[{"@type":"SearchAction","target":{"@type":"EntryPoint","urlTemplate":"https:\/\/www.medoucine.com\/blog\/?s={search_term_string}"},"query-input":{"@type":"PropertyValueSpecification","valueRequired":true,"valueName":"search_term_string"}}],"inLanguage":"fr-FR"},{"@type":"Organization","@id":"https:\/\/www.medoucine.com\/blog\/#organization","name":"Medoucine","url":"https:\/\/www.medoucine.com\/blog\/","logo":{"@type":"ImageObject","inLanguage":"fr-FR","@id":"https:\/\/www.medoucine.com\/blog\/#\/schema\/logo\/image\/","url":"https:\/\/www.medoucine.com\/blog\/wp-content\/uploads\/2019\/07\/logo@3x.png","contentUrl":"https:\/\/www.medoucine.com\/blog\/wp-content\/uploads\/2019\/07\/logo@3x.png","width":555,"height":135,"caption":"Medoucine"},"image":{"@id":"https:\/\/www.medoucine.com\/blog\/#\/schema\/logo\/image\/"},"sameAs":["https:\/\/www.facebook.com\/medoucine\/","https:\/\/x.com\/medoucinefr","https:\/\/www.instagram.com\/medoucine\/","https:\/\/www.youtube.com\/channel\/UCtZeUeJ_KebYK0KJAXjJV8g"]}]}},"_links":{"self":[{"href":"https:\/\/www.medoucine.com\/blog\/wp-json\/wp\/v2\/pages\/14318","targetHints":{"allow":["GET"]}}],"collection":[{"href":"https:\/\/www.medoucine.com\/blog\/wp-json\/wp\/v2\/pages"}],"about":[{"href":"https:\/\/www.medoucine.com\/blog\/wp-json\/wp\/v2\/types\/page"}],"author":[{"embeddable":true,"href":"https:\/\/www.medoucine.com\/blog\/wp-json\/wp\/v2\/users\/265"}],"replies":[{"embeddable":true,"href":"https:\/\/www.medoucine.com\/blog\/wp-json\/wp\/v2\/comments?post=14318"}],"version-history":[{"count":21,"href":"https:\/\/www.medoucine.com\/blog\/wp-json\/wp\/v2\/pages\/14318\/revisions"}],"predecessor-version":[{"id":15472,"href":"https:\/\/www.medoucine.com\/blog\/wp-json\/wp\/v2\/pages\/14318\/revisions\/15472"}],"wp:featuredmedia":[{"embeddable":true,"href":"https:\/\/www.medoucine.com\/blog\/wp-json\/wp\/v2\/media\/14569"}],"wp:attachment":[{"href":"https:\/\/www.medoucine.com\/blog\/wp-json\/wp\/v2\/media?parent=14318"}],"curies":[{"name":"wp","href":"https:\/\/api.w.org\/{rel}","templated":true}]}}